{"id":261411,"date":"2022-11-09T09:38:38","date_gmt":"2022-11-09T07:38:38","guid":{"rendered":"http:\/\/107.6.182.27\/es\/wp-content\/uploads\/2022\/11\/\u0628\u0627\u0628-\u0634\u0631\u0642\u064a.jpg"},"modified":"2022-11-09T09:38:46","modified_gmt":"2022-11-09T07:38:46","slug":"%d8%a8%d8%a7%d8%a8-%d8%b4%d8%b1%d9%82%d9%8a-3","status":"inherit","type":"attachment","link":"https:\/\/archive.sana.sy\/es\/?attachment_id=261411","title":{"rendered":"\u0628\u0627\u0628 \u0634\u0631\u0642\u064a"},"author":35,"featured_media":0,"comment_status":"closed","ping_status":"closed","template":"","meta":[],"class_list":["post-261411","attachment","type-attachment","status-inherit",""],"description":{"rendered":"<p class=\"attachment\"><a href='https:\/\/archive.sana.sy\/es\/wp-content\/uploads\/2022\/11\/\u0628\u0627\u0628-\u0634\u0631\u0642\u064a-scaled.jpg'><img loading=\"lazy\" decoding=\"async\" width=\"300\" height=\"225\" src=\"https:\/\/archive.sana.sy\/es\/wp-content\/uploads\/2022\/11\/\u0628\u0627\u0628-\u0634\u0631\u0642\u064a-300x225.jpg\" class=\"attachment-medium size-medium\" alt=\"\" srcset=\"https:\/\/archive.sana.sy\/es\/wp-content\/uploads\/2022\/11\/\u0628\u0627\u0628-\u0634\u0631\u0642\u064a-300x225.jpg 300w, https:\/\/archive.sana.sy\/es\/wp-content\/uploads\/2022\/11\/\u0628\u0627\u0628-\u0634\u0631\u0642\u064a-1024x768.jpg 1024w, https:\/\/archive.sana.sy\/es\/wp-content\/uploads\/2022\/11\/\u0628\u0627\u0628-\u0634\u0631\u0642\u064a-150x112.jpg 150w, https:\/\/archive.sana.sy\/es\/wp-content\/uploads\/2022\/11\/\u0628\u0627\u0628-\u0634\u0631\u0642\u064a-768x576.jpg 768w, https:\/\/archive.sana.sy\/es\/wp-content\/uploads\/2022\/11\/\u0628\u0627\u0628-\u0634\u0631\u0642\u064a-1536x1152.jpg 1536w, https:\/\/archive.sana.sy\/es\/wp-content\/uploads\/2022\/11\/\u0628\u0627\u0628-\u0634\u0631\u0642\u064a-2048x1536.jpg 2048w\" sizes=\"(max-width: 300px) 100vw, 300px\" \/><\/a><\/p>\n"},"caption":{"rendered":"<p>Puerta Oriental (Bab Sharqi, en \u00e1rabe), simboliza el Sol y est\u00e1 ubicada en la entrada oriental de la ciudad vieja de Damasco, y es la \u00fanica que conserva el estilo arquitect\u00f3nico romano.<\/p>\n"},"alt_text":"","media_type":"image","mime_type":"image\/jpeg","media_details":{"width":2560,"height":1920,"file":"2022\/11\/\u0628\u0627\u0628-\u0634\u0631\u0642\u064a-scaled.jpg","filesize":616644,"sizes":{"medium":{"file":"\u0628\u0627\u0628-\u0634\u0631\u0642\u064a-300x225.jpg","width":300,"height":225,"filesize":19196,"mime_type":"image\/jpeg","source_url":"https:\/\/archive.sana.sy\/es\/wp-content\/uploads\/2022\/11\/\u0628\u0627\u0628-\u0634\u0631\u0642\u064a-300x225.jpg"},"large":{"file":"\u0628\u0627\u0628-\u0634\u0631\u0642\u064a-1024x768.jpg","width":1024,"height":768,"filesize":153869,"mime_type":"image\/jpeg","source_url":"https:\/\/archive.sana.sy\/es\/wp-content\/uploads\/2022\/11\/\u0628\u0627\u0628-\u0634\u0631\u0642\u064a-1024x768.jpg"},"thumbnail":{"file":"\u0628\u0627\u0628-\u0634\u0631\u0642\u064a-150x112.jpg","width":150,"height":112,"filesize":6337,"mime_type":"image\/jpeg","source_url":"https:\/\/archive.sana.sy\/es\/wp-content\/uploads\/2022\/11\/\u0628\u0627\u0628-\u0634\u0631\u0642\u064a-150x112.jpg"},"medium_large":{"file":"\u0628\u0627\u0628-\u0634\u0631\u0642\u064a-768x576.jpg","width":768,"height":576,"filesize":91045,"mime_type":"image\/jpeg","source_url":"https:\/\/archive.sana.sy\/es\/wp-content\/uploads\/2022\/11\/\u0628\u0627\u0628-\u0634\u0631\u0642\u064a-768x576.jpg"},"1536x1536":{"file":"\u0628\u0627\u0628-\u0634\u0631\u0642\u064a-1536x1152.jpg","width":1536,"height":1152,"filesize":305937,"mime_type":"image\/jpeg","source_url":"https:\/\/archive.sana.sy\/es\/wp-content\/uploads\/2022\/11\/\u0628\u0627\u0628-\u0634\u0631\u0642\u064a-1536x1152.jpg"},"2048x2048":{"file":"\u0628\u0627\u0628-\u0634\u0631\u0642\u064a-2048x1536.jpg","width":2048,"height":1536,"filesize":470035,"mime_type":"image\/jpeg","source_url":"https:\/\/archive.sana.sy\/es\/wp-content\/uploads\/2022\/11\/\u0628\u0627\u0628-\u0634\u0631\u0642\u064a-2048x1536.jpg"},"tie-small":{"file":"\u0628\u0627\u0628-\u0634\u0631\u0642\u064a-110x75.jpg","width":110,"height":75,"filesize":3918,"mime_type":"image\/jpeg","source_url":"https:\/\/archive.sana.sy\/es\/wp-content\/uploads\/2022\/11\/\u0628\u0627\u0628-\u0634\u0631\u0642\u064a-110x75.jpg"},"tie-medium":{"file":"\u0628\u0627\u0628-\u0634\u0631\u0642\u064a-310x165.jpg","width":310,"height":165,"filesize":14074,"mime_type":"image\/jpeg","source_url":"https:\/\/archive.sana.sy\/es\/wp-content\/uploads\/2022\/11\/\u0628\u0627\u0628-\u0634\u0631\u0642\u064a-310x165.jpg"},"tie-large":{"file":"\u0628\u0627\u0628-\u0634\u0631\u0642\u064a-310x205.jpg","width":310,"height":205,"filesize":17775,"mime_type":"image\/jpeg","source_url":"https:\/\/archive.sana.sy\/es\/wp-content\/uploads\/2022\/11\/\u0628\u0627\u0628-\u0634\u0631\u0642\u064a-310x205.jpg"},"slider":{"file":"\u0628\u0627\u0628-\u0634\u0631\u0642\u064a-660x330.jpg","width":660,"height":330,"filesize":45440,"mime_type":"image\/jpeg","source_url":"https:\/\/archive.sana.sy\/es\/wp-content\/uploads\/2022\/11\/\u0628\u0627\u0628-\u0634\u0631\u0642\u064a-660x330.jpg"},"big-slider":{"file":"\u0628\u0627\u0628-\u0634\u0631\u0642\u064a-1050x525.jpg","width":1050,"height":525,"filesize":102599,"mime_type":"image\/jpeg","source_url":"https:\/\/archive.sana.sy\/es\/wp-content\/uploads\/2022\/11\/\u0628\u0627\u0628-\u0634\u0631\u0642\u064a-1050x525.jpg"},"full":{"file":"\u0628\u0627\u0628-\u0634\u0631\u0642\u064a-scaled.jpg","width":2560,"height":1920,"mime_type":"image\/jpeg","source_url":"https:\/\/archive.sana.sy\/es\/wp-content\/uploads\/2022\/11\/\u0628\u0627\u0628-\u0634\u0631\u0642\u064a-scaled.jpg"}},"image_meta":{"aperture":"0","credit":"","camera":"","caption":"","created_timestamp":"0","copyright":"","focal_length":"0","iso":"0","shutter_speed":"0","title":"","orientation":"1","keywords":[]},"original_image":"\u0628\u0627\u0628-\u0634\u0631\u0642\u064a.jpg"},"post":261408,"source_url":"https:\/\/archive.sana.sy\/es\/wp-content\/uploads\/2022\/11\/\u0628\u0627\u0628-\u0634\u0631\u0642\u064a-scaled.jpg","_links":{"self":[{"href":"https:\/\/archive.sana.sy\/es\/index.php?rest_route=\/wp\/v2\/media\/261411"}],"collection":[{"href":"https:\/\/archive.sana.sy\/es\/index.php?rest_route=\/wp\/v2\/media"}],"about":[{"href":"https:\/\/archive.sana.sy\/es\/index.php?rest_route=\/wp\/v2\/types\/attachment"}],"author":[{"embeddable":true,"href":"https:\/\/archive.sana.sy\/es\/index.php?rest_route=\/wp\/v2\/users\/35"}],"replies":[{"embeddable":true,"href":"https:\/\/archive.sana.sy\/es\/index.php?rest_route=%2Fwp%2Fv2%2Fcomments&post=261411"}]}}

http://107.6.182.27/es/wp-content/uploads/2022/11/باب-شرقي.jpg

باب شرقي

<p class="attachment"><a href='https://archive.sana.sy/es/wp-content/uploads/2022/11/باب-شرقي-scaled.jpg'><img loading="lazy" decoding="async" width="300" height="225" src="https://archive.sana.sy/es/wp-content/uploads/2022/11/باب-شرقي-300x225.jpg" class="attachment-medium size-medium" alt="" srcset="https://archive.sana.sy/es/wp-content/uploads/2022/11/باب-شرقي-300x225.jpg 300w, https://archive.sana.sy/es/wp-content/uploads/2022/11/باب-شرقي-1024x768.jpg 1024w, https://archive.sana.sy/es/wp-content/uploads/2022/11/باب-شرقي-150x112.jpg 150w, https://archive.sana.sy/es/wp-content/uploads/2022/11/باب-شرقي-768x576.jpg 768w, https://archive.sana.sy/es/wp-content/uploads/2022/11/باب-شرقي-1536x1152.jpg 1536w, https://archive.sana.sy/es/wp-content/uploads/2022/11/باب-شرقي-2048x1536.jpg 2048w" sizes="(max-width: 300px) 100vw, 300px" /></a></p>

<p>Puerta Oriental (Bab Sharqi, en árabe), simboliza el Sol y está ubicada en la entrada oriental de la ciudad vieja de Damasco, y es la única que conserva el estilo arquitectónico romano.</p>

2022/11/باب-شرقي-scaled.jpg

باب-شرقي-300x225.jpg

https://archive.sana.sy/es/wp-content/uploads/2022/11/باب-شرقي-300x225.jpg

باب-شرقي-1024x768.jpg

https://archive.sana.sy/es/wp-content/uploads/2022/11/باب-شرقي-1024x768.jpg

باب-شرقي-150x112.jpg

https://archive.sana.sy/es/wp-content/uploads/2022/11/باب-شرقي-150x112.jpg

باب-شرقي-768x576.jpg

https://archive.sana.sy/es/wp-content/uploads/2022/11/باب-شرقي-768x576.jpg

باب-شرقي-1536x1152.jpg

https://archive.sana.sy/es/wp-content/uploads/2022/11/باب-شرقي-1536x1152.jpg

باب-شرقي-2048x1536.jpg

https://archive.sana.sy/es/wp-content/uploads/2022/11/باب-شرقي-2048x1536.jpg

باب-شرقي-110x75.jpg

https://archive.sana.sy/es/wp-content/uploads/2022/11/باب-شرقي-110x75.jpg

باب-شرقي-310x165.jpg

https://archive.sana.sy/es/wp-content/uploads/2022/11/باب-شرقي-310x165.jpg

باب-شرقي-310x205.jpg

https://archive.sana.sy/es/wp-content/uploads/2022/11/باب-شرقي-310x205.jpg

باب-شرقي-660x330.jpg

https://archive.sana.sy/es/wp-content/uploads/2022/11/باب-شرقي-660x330.jpg

باب-شرقي-1050x525.jpg

https://archive.sana.sy/es/wp-content/uploads/2022/11/باب-شرقي-1050x525.jpg

باب-شرقي-scaled.jpg

https://archive.sana.sy/es/wp-content/uploads/2022/11/باب-شرقي-scaled.jpg

باب-شرقي.jpg
