{"id":290470,"date":"2023-03-10T15:33:54","date_gmt":"2023-03-10T12:33:54","guid":{"rendered":"http:\/\/sana.sy\/es\/wp-content\/uploads\/2023\/03\/Jovenes-solidarios-de-10-paises-arabes-llegan-a-Siria-fotos.jpeg4_.jpg"},"modified":"2023-03-10T15:33:54","modified_gmt":"2023-03-10T12:33:54","slug":"jovenes-solidarios-de-10-paises-arabes-llegan-a-siria-fotos-jpeg4","status":"inherit","type":"attachment","link":"https:\/\/archive.sana.sy\/es\/?attachment_id=290470","title":{"rendered":"J\u00f3venes-solidarios-de-10-pa\u00edses-\u00e1rabes-llegan-a-Siria-(+-fotos).jpeg4"},"author":39,"featured_media":0,"comment_status":"closed","ping_status":"closed","template":"","meta":[],"class_list":["post-290470","attachment","type-attachment","status-inherit",""],"description":{"rendered":"<p class=\"attachment\"><a href='https:\/\/archive.sana.sy\/es\/wp-content\/uploads\/2023\/03\/Jovenes-solidarios-de-10-paises-arabes-llegan-a-Siria-fotos.jpeg4_.jpg'><img loading=\"lazy\" decoding=\"async\" width=\"300\" height=\"196\" src=\"https:\/\/archive.sana.sy\/es\/wp-content\/uploads\/2023\/03\/Jovenes-solidarios-de-10-paises-arabes-llegan-a-Siria-fotos.jpeg4_-300x196.jpg\" class=\"attachment-medium size-medium\" alt=\"\" srcset=\"https:\/\/archive.sana.sy\/es\/wp-content\/uploads\/2023\/03\/Jovenes-solidarios-de-10-paises-arabes-llegan-a-Siria-fotos.jpeg4_-300x196.jpg 300w, https:\/\/archive.sana.sy\/es\/wp-content\/uploads\/2023\/03\/Jovenes-solidarios-de-10-paises-arabes-llegan-a-Siria-fotos.jpeg4_-150x98.jpg 150w, https:\/\/archive.sana.sy\/es\/wp-content\/uploads\/2023\/03\/Jovenes-solidarios-de-10-paises-arabes-llegan-a-Siria-fotos.jpeg4_.jpg 660w\" sizes=\"(max-width: 300px) 100vw, 300px\" \/><\/a><\/p>\n"},"caption":{"rendered":""},"alt_text":"","media_type":"image","mime_type":"image\/jpeg","media_details":{"width":660,"height":431,"file":"2023\/03\/Jovenes-solidarios-de-10-paises-arabes-llegan-a-Siria-fotos.jpeg4_.jpg","filesize":254568,"sizes":{"medium":{"file":"Jovenes-solidarios-de-10-paises-arabes-llegan-a-Siria-fotos.jpeg4_-300x196.jpg","width":300,"height":196,"filesize":13677,"mime_type":"image\/jpeg","source_url":"https:\/\/archive.sana.sy\/es\/wp-content\/uploads\/2023\/03\/Jovenes-solidarios-de-10-paises-arabes-llegan-a-Siria-fotos.jpeg4_-300x196.jpg"},"thumbnail":{"file":"Jovenes-solidarios-de-10-paises-arabes-llegan-a-Siria-fotos.jpeg4_-150x98.jpg","width":150,"height":98,"filesize":5115,"mime_type":"image\/jpeg","source_url":"https:\/\/archive.sana.sy\/es\/wp-content\/uploads\/2023\/03\/Jovenes-solidarios-de-10-paises-arabes-llegan-a-Siria-fotos.jpeg4_-150x98.jpg"},"tie-small":{"file":"Jovenes-solidarios-de-10-paises-arabes-llegan-a-Siria-fotos.jpeg4_-110x75.jpg","width":110,"height":75,"filesize":3501,"mime_type":"image\/jpeg","source_url":"https:\/\/archive.sana.sy\/es\/wp-content\/uploads\/2023\/03\/Jovenes-solidarios-de-10-paises-arabes-llegan-a-Siria-fotos.jpeg4_-110x75.jpg"},"tie-medium":{"file":"Jovenes-solidarios-de-10-paises-arabes-llegan-a-Siria-fotos.jpeg4_-310x165.jpg","width":310,"height":165,"filesize":11882,"mime_type":"image\/jpeg","source_url":"https:\/\/archive.sana.sy\/es\/wp-content\/uploads\/2023\/03\/Jovenes-solidarios-de-10-paises-arabes-llegan-a-Siria-fotos.jpeg4_-310x165.jpg"},"tie-large":{"file":"Jovenes-solidarios-de-10-paises-arabes-llegan-a-Siria-fotos.jpeg4_-310x205.jpg","width":310,"height":205,"filesize":14263,"mime_type":"image\/jpeg","source_url":"https:\/\/archive.sana.sy\/es\/wp-content\/uploads\/2023\/03\/Jovenes-solidarios-de-10-paises-arabes-llegan-a-Siria-fotos.jpeg4_-310x205.jpg"},"slider":{"file":"Jovenes-solidarios-de-10-paises-arabes-llegan-a-Siria-fotos.jpeg4_-660x330.jpg","width":660,"height":330,"filesize":38248,"mime_type":"image\/jpeg","source_url":"https:\/\/archive.sana.sy\/es\/wp-content\/uploads\/2023\/03\/Jovenes-solidarios-de-10-paises-arabes-llegan-a-Siria-fotos.jpeg4_-660x330.jpg"},"full":{"file":"Jovenes-solidarios-de-10-paises-arabes-llegan-a-Siria-fotos.jpeg4_.jpg","width":660,"height":431,"mime_type":"image\/jpeg","source_url":"https:\/\/archive.sana.sy\/es\/wp-content\/uploads\/2023\/03\/Jovenes-solidarios-de-10-paises-arabes-llegan-a-Siria-fotos.jpeg4_.jpg"}},"image_meta":{"aperture":"18","credit":"","camera":"NIKON D700","caption":"","created_timestamp":"1678443092","copyright":"","focal_length":"50","iso":"1600","shutter_speed":"0.0008","title":"","orientation":"1","keywords":[]}},"post":290465,"source_url":"https:\/\/archive.sana.sy\/es\/wp-content\/uploads\/2023\/03\/Jovenes-solidarios-de-10-paises-arabes-llegan-a-Siria-fotos.jpeg4_.jpg","_links":{"self":[{"href":"https:\/\/archive.sana.sy\/es\/index.php?rest_route=\/wp\/v2\/media\/290470"}],"collection":[{"href":"https:\/\/archive.sana.sy\/es\/index.php?rest_route=\/wp\/v2\/media"}],"about":[{"href":"https:\/\/archive.sana.sy\/es\/index.php?rest_route=\/wp\/v2\/types\/attachment"}],"author":[{"embeddable":true,"href":"https:\/\/archive.sana.sy\/es\/index.php?rest_route=\/wp\/v2\/users\/39"}],"replies":[{"embeddable":true,"href":"https:\/\/archive.sana.sy\/es\/index.php?rest_route=%2Fwp%2Fv2%2Fcomments&post=290470"}]}}

Jóvenes-solidarios-de-10-países-árabes-llegan-a-Siria-(+-fotos).jpeg4
