{"id":290471,"date":"2023-03-10T15:33:55","date_gmt":"2023-03-10T12:33:55","guid":{"rendered":"http:\/\/sana.sy\/es\/wp-content\/uploads\/2023\/03\/Jovenes-solidarios-de-10-paises-arabes-llegan-a-Siria-fotos.jpeg5_.jpg"},"modified":"2023-03-10T15:33:55","modified_gmt":"2023-03-10T12:33:55","slug":"jovenes-solidarios-de-10-paises-arabes-llegan-a-siria-fotos-jpeg5","status":"inherit","type":"attachment","link":"https:\/\/archive.sana.sy\/es\/?attachment_id=290471","title":{"rendered":"J\u00f3venes-solidarios-de-10-pa\u00edses-\u00e1rabes-llegan-a-Siria-(+-fotos).jpeg5"},"author":39,"featured_media":0,"comment_status":"closed","ping_status":"closed","template":"","meta":[],"class_list":["post-290471","attachment","type-attachment","status-inherit",""],"description":{"rendered":"<p class=\"attachment\"><a href='https:\/\/archive.sana.sy\/es\/wp-content\/uploads\/2023\/03\/Jovenes-solidarios-de-10-paises-arabes-llegan-a-Siria-fotos.jpeg5_.jpg'><img loading=\"lazy\" decoding=\"async\" width=\"300\" height=\"200\" src=\"https:\/\/archive.sana.sy\/es\/wp-content\/uploads\/2023\/03\/Jovenes-solidarios-de-10-paises-arabes-llegan-a-Siria-fotos.jpeg5_-300x200.jpg\" class=\"attachment-medium size-medium\" alt=\"\" srcset=\"https:\/\/archive.sana.sy\/es\/wp-content\/uploads\/2023\/03\/Jovenes-solidarios-de-10-paises-arabes-llegan-a-Siria-fotos.jpeg5_-300x200.jpg 300w, https:\/\/archive.sana.sy\/es\/wp-content\/uploads\/2023\/03\/Jovenes-solidarios-de-10-paises-arabes-llegan-a-Siria-fotos.jpeg5_-150x100.jpg 150w, https:\/\/archive.sana.sy\/es\/wp-content\/uploads\/2023\/03\/Jovenes-solidarios-de-10-paises-arabes-llegan-a-Siria-fotos.jpeg5_.jpg 660w\" sizes=\"(max-width: 300px) 100vw, 300px\" \/><\/a><\/p>\n"},"caption":{"rendered":""},"alt_text":"","media_type":"image","mime_type":"image\/jpeg","media_details":{"width":660,"height":440,"file":"2023\/03\/Jovenes-solidarios-de-10-paises-arabes-llegan-a-Siria-fotos.jpeg5_.jpg","filesize":350032,"sizes":{"medium":{"file":"Jovenes-solidarios-de-10-paises-arabes-llegan-a-Siria-fotos.jpeg5_-300x200.jpg","width":300,"height":200,"filesize":19225,"mime_type":"image\/jpeg","source_url":"https:\/\/archive.sana.sy\/es\/wp-content\/uploads\/2023\/03\/Jovenes-solidarios-de-10-paises-arabes-llegan-a-Siria-fotos.jpeg5_-300x200.jpg"},"thumbnail":{"file":"Jovenes-solidarios-de-10-paises-arabes-llegan-a-Siria-fotos.jpeg5_-150x100.jpg","width":150,"height":100,"filesize":6493,"mime_type":"image\/jpeg","source_url":"https:\/\/archive.sana.sy\/es\/wp-content\/uploads\/2023\/03\/Jovenes-solidarios-de-10-paises-arabes-llegan-a-Siria-fotos.jpeg5_-150x100.jpg"},"tie-small":{"file":"Jovenes-solidarios-de-10-paises-arabes-llegan-a-Siria-fotos.jpeg5_-110x75.jpg","width":110,"height":75,"filesize":4215,"mime_type":"image\/jpeg","source_url":"https:\/\/archive.sana.sy\/es\/wp-content\/uploads\/2023\/03\/Jovenes-solidarios-de-10-paises-arabes-llegan-a-Siria-fotos.jpeg5_-110x75.jpg"},"tie-medium":{"file":"Jovenes-solidarios-de-10-paises-arabes-llegan-a-Siria-fotos.jpeg5_-310x165.jpg","width":310,"height":165,"filesize":17757,"mime_type":"image\/jpeg","source_url":"https:\/\/archive.sana.sy\/es\/wp-content\/uploads\/2023\/03\/Jovenes-solidarios-de-10-paises-arabes-llegan-a-Siria-fotos.jpeg5_-310x165.jpg"},"tie-large":{"file":"Jovenes-solidarios-de-10-paises-arabes-llegan-a-Siria-fotos.jpeg5_-310x205.jpg","width":310,"height":205,"filesize":20374,"mime_type":"image\/jpeg","source_url":"https:\/\/archive.sana.sy\/es\/wp-content\/uploads\/2023\/03\/Jovenes-solidarios-de-10-paises-arabes-llegan-a-Siria-fotos.jpeg5_-310x205.jpg"},"slider":{"file":"Jovenes-solidarios-de-10-paises-arabes-llegan-a-Siria-fotos.jpeg5_-660x330.jpg","width":660,"height":330,"filesize":62525,"mime_type":"image\/jpeg","source_url":"https:\/\/archive.sana.sy\/es\/wp-content\/uploads\/2023\/03\/Jovenes-solidarios-de-10-paises-arabes-llegan-a-Siria-fotos.jpeg5_-660x330.jpg"},"full":{"file":"Jovenes-solidarios-de-10-paises-arabes-llegan-a-Siria-fotos.jpeg5_.jpg","width":660,"height":440,"mime_type":"image\/jpeg","source_url":"https:\/\/archive.sana.sy\/es\/wp-content\/uploads\/2023\/03\/Jovenes-solidarios-de-10-paises-arabes-llegan-a-Siria-fotos.jpeg5_.jpg"}},"image_meta":{"aperture":"16","credit":"","camera":"NIKON D700","caption":"","created_timestamp":"1678443410","copyright":"","focal_length":"35","iso":"1600","shutter_speed":"0.001","title":"","orientation":"1","keywords":[]}},"post":290465,"source_url":"https:\/\/archive.sana.sy\/es\/wp-content\/uploads\/2023\/03\/Jovenes-solidarios-de-10-paises-arabes-llegan-a-Siria-fotos.jpeg5_.jpg","_links":{"self":[{"href":"https:\/\/archive.sana.sy\/es\/index.php?rest_route=\/wp\/v2\/media\/290471"}],"collection":[{"href":"https:\/\/archive.sana.sy\/es\/index.php?rest_route=\/wp\/v2\/media"}],"about":[{"href":"https:\/\/archive.sana.sy\/es\/index.php?rest_route=\/wp\/v2\/types\/attachment"}],"author":[{"embeddable":true,"href":"https:\/\/archive.sana.sy\/es\/index.php?rest_route=\/wp\/v2\/users\/39"}],"replies":[{"embeddable":true,"href":"https:\/\/archive.sana.sy\/es\/index.php?rest_route=%2Fwp%2Fv2%2Fcomments&post=290471"}]}}

Jóvenes-solidarios-de-10-países-árabes-llegan-a-Siria-(+-fotos).jpeg5
