{"id":296757,"date":"2023-05-08T20:13:14","date_gmt":"2023-05-08T17:13:14","guid":{"rendered":"http:\/\/sana.sy\/es\/wp-content\/uploads\/2023\/05\/Cueva-Moises-Damasco-destino-turistico-estilo-arquitectonico-unico-8.jpg"},"modified":"2023-05-08T20:13:14","modified_gmt":"2023-05-08T17:13:14","slug":"cueva-moises-damasco-destino-turistico-estilo-arquitectonico-unico-8","status":"inherit","type":"attachment","link":"https:\/\/archive.sana.sy\/es\/?attachment_id=296757","title":{"rendered":"Cueva-Mois\u00e9s-Damasco-destino-tur\u00edstico-estilo-arquitect\u00f3nico-\u00fanico (8)"},"author":39,"featured_media":0,"comment_status":"closed","ping_status":"closed","template":"","meta":[],"class_list":["post-296757","attachment","type-attachment","status-inherit",""],"description":{"rendered":"<p class=\"attachment\"><a href='https:\/\/archive.sana.sy\/es\/wp-content\/uploads\/2023\/05\/Cueva-Moises-Damasco-destino-turistico-estilo-arquitectonico-unico-8.jpg'><img loading=\"lazy\" decoding=\"async\" width=\"300\" height=\"200\" src=\"https:\/\/archive.sana.sy\/es\/wp-content\/uploads\/2023\/05\/Cueva-Moises-Damasco-destino-turistico-estilo-arquitectonico-unico-8-300x200.jpg\" class=\"attachment-medium size-medium\" alt=\"\" srcset=\"https:\/\/archive.sana.sy\/es\/wp-content\/uploads\/2023\/05\/Cueva-Moises-Damasco-destino-turistico-estilo-arquitectonico-unico-8-300x200.jpg 300w, https:\/\/archive.sana.sy\/es\/wp-content\/uploads\/2023\/05\/Cueva-Moises-Damasco-destino-turistico-estilo-arquitectonico-unico-8-150x100.jpg 150w, https:\/\/archive.sana.sy\/es\/wp-content\/uploads\/2023\/05\/Cueva-Moises-Damasco-destino-turistico-estilo-arquitectonico-unico-8.jpg 660w\" sizes=\"(max-width: 300px) 100vw, 300px\" \/><\/a><\/p>\n"},"caption":{"rendered":""},"alt_text":"","media_type":"image","mime_type":"image\/jpeg","media_details":{"width":660,"height":440,"file":"2023\/05\/Cueva-Moises-Damasco-destino-turistico-estilo-arquitectonico-unico-8.jpg","filesize":463781,"sizes":{"medium":{"file":"Cueva-Moises-Damasco-destino-turistico-estilo-arquitectonico-unico-8-300x200.jpg","width":300,"height":200,"filesize":27202,"mime_type":"image\/jpeg","source_url":"https:\/\/archive.sana.sy\/es\/wp-content\/uploads\/2023\/05\/Cueva-Moises-Damasco-destino-turistico-estilo-arquitectonico-unico-8-300x200.jpg"},"thumbnail":{"file":"Cueva-Moises-Damasco-destino-turistico-estilo-arquitectonico-unico-8-150x100.jpg","width":150,"height":100,"filesize":7782,"mime_type":"image\/jpeg","source_url":"https:\/\/archive.sana.sy\/es\/wp-content\/uploads\/2023\/05\/Cueva-Moises-Damasco-destino-turistico-estilo-arquitectonico-unico-8-150x100.jpg"},"tie-small":{"file":"Cueva-Moises-Damasco-destino-turistico-estilo-arquitectonico-unico-8-110x75.jpg","width":110,"height":75,"filesize":4581,"mime_type":"image\/jpeg","source_url":"https:\/\/archive.sana.sy\/es\/wp-content\/uploads\/2023\/05\/Cueva-Moises-Damasco-destino-turistico-estilo-arquitectonico-unico-8-110x75.jpg"},"tie-medium":{"file":"Cueva-Moises-Damasco-destino-turistico-estilo-arquitectonico-unico-8-310x165.jpg","width":310,"height":165,"filesize":23832,"mime_type":"image\/jpeg","source_url":"https:\/\/archive.sana.sy\/es\/wp-content\/uploads\/2023\/05\/Cueva-Moises-Damasco-destino-turistico-estilo-arquitectonico-unico-8-310x165.jpg"},"tie-large":{"file":"Cueva-Moises-Damasco-destino-turistico-estilo-arquitectonico-unico-8-310x205.jpg","width":310,"height":205,"filesize":28709,"mime_type":"image\/jpeg","source_url":"https:\/\/archive.sana.sy\/es\/wp-content\/uploads\/2023\/05\/Cueva-Moises-Damasco-destino-turistico-estilo-arquitectonico-unico-8-310x205.jpg"},"slider":{"file":"Cueva-Moises-Damasco-destino-turistico-estilo-arquitectonico-unico-8-660x330.jpg","width":660,"height":330,"filesize":87494,"mime_type":"image\/jpeg","source_url":"https:\/\/archive.sana.sy\/es\/wp-content\/uploads\/2023\/05\/Cueva-Moises-Damasco-destino-turistico-estilo-arquitectonico-unico-8-660x330.jpg"},"full":{"file":"Cueva-Moises-Damasco-destino-turistico-estilo-arquitectonico-unico-8.jpg","width":660,"height":440,"mime_type":"image\/jpeg","source_url":"https:\/\/archive.sana.sy\/es\/wp-content\/uploads\/2023\/05\/Cueva-Moises-Damasco-destino-turistico-estilo-arquitectonico-unico-8.jpg"}},"image_meta":{"aperture":"4","credit":"","camera":"NIKON D850","caption":"","created_timestamp":"1682674514","copyright":"","focal_length":"24","iso":"2500","shutter_speed":"0.008","title":"","orientation":"1","keywords":[]}},"post":296747,"source_url":"https:\/\/archive.sana.sy\/es\/wp-content\/uploads\/2023\/05\/Cueva-Moises-Damasco-destino-turistico-estilo-arquitectonico-unico-8.jpg","_links":{"self":[{"href":"https:\/\/archive.sana.sy\/es\/index.php?rest_route=\/wp\/v2\/media\/296757"}],"collection":[{"href":"https:\/\/archive.sana.sy\/es\/index.php?rest_route=\/wp\/v2\/media"}],"about":[{"href":"https:\/\/archive.sana.sy\/es\/index.php?rest_route=\/wp\/v2\/types\/attachment"}],"author":[{"embeddable":true,"href":"https:\/\/archive.sana.sy\/es\/index.php?rest_route=\/wp\/v2\/users\/39"}],"replies":[{"embeddable":true,"href":"https:\/\/archive.sana.sy\/es\/index.php?rest_route=%2Fwp%2Fv2%2Fcomments&post=296757"}]}}

Cueva-Moisés-Damasco-destino-turístico-estilo-arquitectónico-único (8)
