{"id":296931,"date":"2023-05-09T22:12:07","date_gmt":"2023-05-09T19:12:07","guid":{"rendered":"http:\/\/sana.sy\/es\/wp-content\/uploads\/2023\/05\/Hijos-de-martires-sirios-celebran-el-Dia-de-los-Martires-y-el-78-aniversario-de-la-victoria-en-la-Gran-Guerra-Patriotica-Rusa.jpeg-12.jpg"},"modified":"2023-05-09T22:12:07","modified_gmt":"2023-05-09T19:12:07","slug":"hijos-de-martires-sirios-celebran-el-dia-de-los-martires-y-el-78-aniversario-de-la-victoria-en-la-gran-guerra-patriotica-rusa-jpeg-12","status":"inherit","type":"attachment","link":"https:\/\/archive.sana.sy\/es\/?attachment_id=296931","title":{"rendered":"Hijos-de-m\u00e1rtires-sirios-celebran-el-D\u00eda-de-los-M\u00e1rtires-y-el-78-aniversario-de-la-victoria-en-la-Gran-Guerra-Patri\u00f3tica-Rusa.jpeg (12)"},"author":39,"featured_media":0,"comment_status":"closed","ping_status":"closed","template":"","meta":[],"class_list":["post-296931","attachment","type-attachment","status-inherit",""],"description":{"rendered":"<p class=\"attachment\"><a href='https:\/\/archive.sana.sy\/es\/wp-content\/uploads\/2023\/05\/Hijos-de-martires-sirios-celebran-el-Dia-de-los-Martires-y-el-78-aniversario-de-la-victoria-en-la-Gran-Guerra-Patriotica-Rusa.jpeg-12.jpg'><img loading=\"lazy\" decoding=\"async\" width=\"300\" height=\"200\" src=\"https:\/\/archive.sana.sy\/es\/wp-content\/uploads\/2023\/05\/Hijos-de-martires-sirios-celebran-el-Dia-de-los-Martires-y-el-78-aniversario-de-la-victoria-en-la-Gran-Guerra-Patriotica-Rusa.jpeg-12-300x200.jpg\" class=\"attachment-medium size-medium\" alt=\"\" srcset=\"https:\/\/archive.sana.sy\/es\/wp-content\/uploads\/2023\/05\/Hijos-de-martires-sirios-celebran-el-Dia-de-los-Martires-y-el-78-aniversario-de-la-victoria-en-la-Gran-Guerra-Patriotica-Rusa.jpeg-12-300x200.jpg 300w, https:\/\/archive.sana.sy\/es\/wp-content\/uploads\/2023\/05\/Hijos-de-martires-sirios-celebran-el-Dia-de-los-Martires-y-el-78-aniversario-de-la-victoria-en-la-Gran-Guerra-Patriotica-Rusa.jpeg-12-150x100.jpg 150w, https:\/\/archive.sana.sy\/es\/wp-content\/uploads\/2023\/05\/Hijos-de-martires-sirios-celebran-el-Dia-de-los-Martires-y-el-78-aniversario-de-la-victoria-en-la-Gran-Guerra-Patriotica-Rusa.jpeg-12.jpg 660w\" sizes=\"(max-width: 300px) 100vw, 300px\" \/><\/a><\/p>\n"},"caption":{"rendered":""},"alt_text":"","media_type":"image","mime_type":"image\/jpeg","media_details":{"width":660,"height":440,"file":"2023\/05\/Hijos-de-martires-sirios-celebran-el-Dia-de-los-Martires-y-el-78-aniversario-de-la-victoria-en-la-Gran-Guerra-Patriotica-Rusa.jpeg-12.jpg","filesize":328522,"sizes":{"medium":{"file":"Hijos-de-martires-sirios-celebran-el-Dia-de-los-Martires-y-el-78-aniversario-de-la-victoria-en-la-Gran-Guerra-Patriotica-Rusa.jpeg-12-300x200.jpg","width":300,"height":200,"filesize":21634,"mime_type":"image\/jpeg","source_url":"https:\/\/archive.sana.sy\/es\/wp-content\/uploads\/2023\/05\/Hijos-de-martires-sirios-celebran-el-Dia-de-los-Martires-y-el-78-aniversario-de-la-victoria-en-la-Gran-Guerra-Patriotica-Rusa.jpeg-12-300x200.jpg"},"thumbnail":{"file":"Hijos-de-martires-sirios-celebran-el-Dia-de-los-Martires-y-el-78-aniversario-de-la-victoria-en-la-Gran-Guerra-Patriotica-Rusa.jpeg-12-150x100.jpg","width":150,"height":100,"filesize":7547,"mime_type":"image\/jpeg","source_url":"https:\/\/archive.sana.sy\/es\/wp-content\/uploads\/2023\/05\/Hijos-de-martires-sirios-celebran-el-Dia-de-los-Martires-y-el-78-aniversario-de-la-victoria-en-la-Gran-Guerra-Patriotica-Rusa.jpeg-12-150x100.jpg"},"tie-small":{"file":"Hijos-de-martires-sirios-celebran-el-Dia-de-los-Martires-y-el-78-aniversario-de-la-victoria-en-la-Gran-Guerra-Patriotica-Rusa.jpeg-12-110x75.jpg","width":110,"height":75,"filesize":4788,"mime_type":"image\/jpeg","source_url":"https:\/\/archive.sana.sy\/es\/wp-content\/uploads\/2023\/05\/Hijos-de-martires-sirios-celebran-el-Dia-de-los-Martires-y-el-78-aniversario-de-la-victoria-en-la-Gran-Guerra-Patriotica-Rusa.jpeg-12-110x75.jpg"},"tie-medium":{"file":"Hijos-de-martires-sirios-celebran-el-Dia-de-los-Martires-y-el-78-aniversario-de-la-victoria-en-la-Gran-Guerra-Patriotica-Rusa.jpeg-12-310x165.jpg","width":310,"height":165,"filesize":18459,"mime_type":"image\/jpeg","source_url":"https:\/\/archive.sana.sy\/es\/wp-content\/uploads\/2023\/05\/Hijos-de-martires-sirios-celebran-el-Dia-de-los-Martires-y-el-78-aniversario-de-la-victoria-en-la-Gran-Guerra-Patriotica-Rusa.jpeg-12-310x165.jpg"},"tie-large":{"file":"Hijos-de-martires-sirios-celebran-el-Dia-de-los-Martires-y-el-78-aniversario-de-la-victoria-en-la-Gran-Guerra-Patriotica-Rusa.jpeg-12-310x205.jpg","width":310,"height":205,"filesize":22683,"mime_type":"image\/jpeg","source_url":"https:\/\/archive.sana.sy\/es\/wp-content\/uploads\/2023\/05\/Hijos-de-martires-sirios-celebran-el-Dia-de-los-Martires-y-el-78-aniversario-de-la-victoria-en-la-Gran-Guerra-Patriotica-Rusa.jpeg-12-310x205.jpg"},"slider":{"file":"Hijos-de-martires-sirios-celebran-el-Dia-de-los-Martires-y-el-78-aniversario-de-la-victoria-en-la-Gran-Guerra-Patriotica-Rusa.jpeg-12-660x330.jpg","width":660,"height":330,"filesize":57719,"mime_type":"image\/jpeg","source_url":"https:\/\/archive.sana.sy\/es\/wp-content\/uploads\/2023\/05\/Hijos-de-martires-sirios-celebran-el-Dia-de-los-Martires-y-el-78-aniversario-de-la-victoria-en-la-Gran-Guerra-Patriotica-Rusa.jpeg-12-660x330.jpg"},"full":{"file":"Hijos-de-martires-sirios-celebran-el-Dia-de-los-Martires-y-el-78-aniversario-de-la-victoria-en-la-Gran-Guerra-Patriotica-Rusa.jpeg-12.jpg","width":660,"height":440,"mime_type":"image\/jpeg","source_url":"https:\/\/archive.sana.sy\/es\/wp-content\/uploads\/2023\/05\/Hijos-de-martires-sirios-celebran-el-Dia-de-los-Martires-y-el-78-aniversario-de-la-victoria-en-la-Gran-Guerra-Patriotica-Rusa.jpeg-12.jpg"}},"image_meta":{"aperture":"4.5","credit":"","camera":"NIKON D850","caption":"","created_timestamp":"1683635505","copyright":"","focal_length":"24","iso":"3200","shutter_speed":"0.01","title":"","orientation":"1","keywords":[]}},"post":296919,"source_url":"https:\/\/archive.sana.sy\/es\/wp-content\/uploads\/2023\/05\/Hijos-de-martires-sirios-celebran-el-Dia-de-los-Martires-y-el-78-aniversario-de-la-victoria-en-la-Gran-Guerra-Patriotica-Rusa.jpeg-12.jpg","_links":{"self":[{"href":"https:\/\/archive.sana.sy\/es\/index.php?rest_route=\/wp\/v2\/media\/296931"}],"collection":[{"href":"https:\/\/archive.sana.sy\/es\/index.php?rest_route=\/wp\/v2\/media"}],"about":[{"href":"https:\/\/archive.sana.sy\/es\/index.php?rest_route=\/wp\/v2\/types\/attachment"}],"author":[{"embeddable":true,"href":"https:\/\/archive.sana.sy\/es\/index.php?rest_route=\/wp\/v2\/users\/39"}],"replies":[{"embeddable":true,"href":"https:\/\/archive.sana.sy\/es\/index.php?rest_route=%2Fwp%2Fv2%2Fcomments&post=296931"}]}}

Hijos-de-mártires-sirios-celebran-el-Día-de-los-Mártires-y-el-78-aniversario-de-la-victoria-en-la-Gran-Guerra-Patriótica-Rusa.jpeg (12)
