{"id":298811,"date":"2023-05-26T20:18:49","date_gmt":"2023-05-26T17:18:49","guid":{"rendered":"http:\/\/sana.sy\/es\/wp-content\/uploads\/2023\/05\/Exposicion-de-artesanias-tradicionales-organizada-por-la-Fundacion-Documento-de-Patria-Wathiqat-Wattan-en-arabe-1.jpeg"},"modified":"2023-05-26T20:18:49","modified_gmt":"2023-05-26T17:18:49","slug":"exposicion-de-artesanias-tradicionales-organizada-por-la-fundacion-documento-de-patria-wathiqat-wattan-en-arabe-1-2","status":"inherit","type":"attachment","link":"https:\/\/archive.sana.sy\/es\/?attachment_id=298811","title":{"rendered":"Exposici\u00f3n-de-artesan\u00edas-tradicionales-organizada-por-la-Fundaci\u00f3n-Documento-de-Patria-\u201cWathiqat-Wattan-en-\u00e1rabe\u201d (1)"},"author":39,"featured_media":0,"comment_status":"closed","ping_status":"closed","template":"","meta":[],"class_list":["post-298811","attachment","type-attachment","status-inherit",""],"description":{"rendered":"<p class=\"attachment\"><a href='https:\/\/archive.sana.sy\/es\/wp-content\/uploads\/2023\/05\/Exposicion-de-artesanias-tradicionales-organizada-por-la-Fundacion-Documento-de-Patria-Wathiqat-Wattan-en-arabe-1.jpeg'><img loading=\"lazy\" decoding=\"async\" width=\"300\" height=\"150\" src=\"https:\/\/archive.sana.sy\/es\/wp-content\/uploads\/2023\/05\/Exposicion-de-artesanias-tradicionales-organizada-por-la-Fundacion-Documento-de-Patria-Wathiqat-Wattan-en-arabe-1-300x150.jpeg\" class=\"attachment-medium size-medium\" alt=\"\" srcset=\"https:\/\/archive.sana.sy\/es\/wp-content\/uploads\/2023\/05\/Exposicion-de-artesanias-tradicionales-organizada-por-la-Fundacion-Documento-de-Patria-Wathiqat-Wattan-en-arabe-1-300x150.jpeg 300w, https:\/\/archive.sana.sy\/es\/wp-content\/uploads\/2023\/05\/Exposicion-de-artesanias-tradicionales-organizada-por-la-Fundacion-Documento-de-Patria-Wathiqat-Wattan-en-arabe-1-150x75.jpeg 150w, https:\/\/archive.sana.sy\/es\/wp-content\/uploads\/2023\/05\/Exposicion-de-artesanias-tradicionales-organizada-por-la-Fundacion-Documento-de-Patria-Wathiqat-Wattan-en-arabe-1.jpeg 660w\" sizes=\"(max-width: 300px) 100vw, 300px\" \/><\/a><\/p>\n"},"caption":{"rendered":""},"alt_text":"","media_type":"image","mime_type":"image\/jpeg","media_details":{"width":660,"height":330,"file":"2023\/05\/Exposicion-de-artesanias-tradicionales-organizada-por-la-Fundacion-Documento-de-Patria-Wathiqat-Wattan-en-arabe-1.jpeg","filesize":64528,"sizes":{"medium":{"file":"Exposicion-de-artesanias-tradicionales-organizada-por-la-Fundacion-Documento-de-Patria-Wathiqat-Wattan-en-arabe-1-300x150.jpeg","width":300,"height":150,"filesize":16644,"mime_type":"image\/jpeg","source_url":"https:\/\/archive.sana.sy\/es\/wp-content\/uploads\/2023\/05\/Exposicion-de-artesanias-tradicionales-organizada-por-la-Fundacion-Documento-de-Patria-Wathiqat-Wattan-en-arabe-1-300x150.jpeg"},"thumbnail":{"file":"Exposicion-de-artesanias-tradicionales-organizada-por-la-Fundacion-Documento-de-Patria-Wathiqat-Wattan-en-arabe-1-150x75.jpeg","width":150,"height":75,"filesize":5608,"mime_type":"image\/jpeg","source_url":"https:\/\/archive.sana.sy\/es\/wp-content\/uploads\/2023\/05\/Exposicion-de-artesanias-tradicionales-organizada-por-la-Fundacion-Documento-de-Patria-Wathiqat-Wattan-en-arabe-1-150x75.jpeg"},"tie-small":{"file":"Exposicion-de-artesanias-tradicionales-organizada-por-la-Fundacion-Documento-de-Patria-Wathiqat-Wattan-en-arabe-1-110x75.jpeg","width":110,"height":75,"filesize":4300,"mime_type":"image\/jpeg","source_url":"https:\/\/archive.sana.sy\/es\/wp-content\/uploads\/2023\/05\/Exposicion-de-artesanias-tradicionales-organizada-por-la-Fundacion-Documento-de-Patria-Wathiqat-Wattan-en-arabe-1-110x75.jpeg"},"tie-medium":{"file":"Exposicion-de-artesanias-tradicionales-organizada-por-la-Fundacion-Documento-de-Patria-Wathiqat-Wattan-en-arabe-1-310x165.jpeg","width":310,"height":165,"filesize":19371,"mime_type":"image\/jpeg","source_url":"https:\/\/archive.sana.sy\/es\/wp-content\/uploads\/2023\/05\/Exposicion-de-artesanias-tradicionales-organizada-por-la-Fundacion-Documento-de-Patria-Wathiqat-Wattan-en-arabe-1-310x165.jpeg"},"tie-large":{"file":"Exposicion-de-artesanias-tradicionales-organizada-por-la-Fundacion-Documento-de-Patria-Wathiqat-Wattan-en-arabe-1-310x205.jpeg","width":310,"height":205,"filesize":20925,"mime_type":"image\/jpeg","source_url":"https:\/\/archive.sana.sy\/es\/wp-content\/uploads\/2023\/05\/Exposicion-de-artesanias-tradicionales-organizada-por-la-Fundacion-Documento-de-Patria-Wathiqat-Wattan-en-arabe-1-310x205.jpeg"},"full":{"file":"Exposicion-de-artesanias-tradicionales-organizada-por-la-Fundacion-Documento-de-Patria-Wathiqat-Wattan-en-arabe-1.jpeg","width":660,"height":330,"mime_type":"image\/jpeg","source_url":"https:\/\/archive.sana.sy\/es\/wp-content\/uploads\/2023\/05\/Exposicion-de-artesanias-tradicionales-organizada-por-la-Fundacion-Documento-de-Patria-Wathiqat-Wattan-en-arabe-1.jpeg"}},"image_meta":{"aperture":"0","credit":"","camera":"","caption":"","created_timestamp":"0","copyright":"","focal_length":"0","iso":"0","shutter_speed":"0","title":"","orientation":"0","keywords":[]}},"post":298802,"source_url":"https:\/\/archive.sana.sy\/es\/wp-content\/uploads\/2023\/05\/Exposicion-de-artesanias-tradicionales-organizada-por-la-Fundacion-Documento-de-Patria-Wathiqat-Wattan-en-arabe-1.jpeg","_links":{"self":[{"href":"https:\/\/archive.sana.sy\/es\/index.php?rest_route=\/wp\/v2\/media\/298811"}],"collection":[{"href":"https:\/\/archive.sana.sy\/es\/index.php?rest_route=\/wp\/v2\/media"}],"about":[{"href":"https:\/\/archive.sana.sy\/es\/index.php?rest_route=\/wp\/v2\/types\/attachment"}],"author":[{"embeddable":true,"href":"https:\/\/archive.sana.sy\/es\/index.php?rest_route=\/wp\/v2\/users\/39"}],"replies":[{"embeddable":true,"href":"https:\/\/archive.sana.sy\/es\/index.php?rest_route=%2Fwp%2Fv2%2Fcomments&post=298811"}]}}

Exposición-de-artesanías-tradicionales-organizada-por-la-Fundación-Documento-de-Patria-“Wathiqat-Wattan-en-árabe” (1)
