{"id":311237,"date":"2023-10-13T14:47:57","date_gmt":"2023-10-13T11:47:57","guid":{"rendered":"http:\/\/sana.sy\/es\/wp-content\/uploads\/2023\/10\/Maraton-en-Damasco-para-apoyar-a-los-ninos-con-cancer-10.jpg"},"modified":"2023-10-13T14:47:57","modified_gmt":"2023-10-13T11:47:57","slug":"maraton-en-damasco-para-apoyar-a-los-ninos-con-cancer-10","status":"inherit","type":"attachment","link":"https:\/\/archive.sana.sy\/es\/?attachment_id=311237","title":{"rendered":"Marat\u00f3n-en-Damasco-para-apoyar-a-los-ni\u00f1os-con-c\u00e1ncer (10)"},"author":39,"featured_media":0,"comment_status":"closed","ping_status":"closed","template":"","meta":[],"class_list":["post-311237","attachment","type-attachment","status-inherit",""],"description":{"rendered":"<p class=\"attachment\"><a href='https:\/\/archive.sana.sy\/es\/wp-content\/uploads\/2023\/10\/Maraton-en-Damasco-para-apoyar-a-los-ninos-con-cancer-10.jpg'><img loading=\"lazy\" decoding=\"async\" width=\"300\" height=\"200\" src=\"https:\/\/archive.sana.sy\/es\/wp-content\/uploads\/2023\/10\/Maraton-en-Damasco-para-apoyar-a-los-ninos-con-cancer-10-300x200.jpg\" class=\"attachment-medium size-medium\" alt=\"\" srcset=\"https:\/\/archive.sana.sy\/es\/wp-content\/uploads\/2023\/10\/Maraton-en-Damasco-para-apoyar-a-los-ninos-con-cancer-10-300x200.jpg 300w, https:\/\/archive.sana.sy\/es\/wp-content\/uploads\/2023\/10\/Maraton-en-Damasco-para-apoyar-a-los-ninos-con-cancer-10-1024x683.jpg 1024w, https:\/\/archive.sana.sy\/es\/wp-content\/uploads\/2023\/10\/Maraton-en-Damasco-para-apoyar-a-los-ninos-con-cancer-10-150x100.jpg 150w, https:\/\/archive.sana.sy\/es\/wp-content\/uploads\/2023\/10\/Maraton-en-Damasco-para-apoyar-a-los-ninos-con-cancer-10-768x512.jpg 768w, https:\/\/archive.sana.sy\/es\/wp-content\/uploads\/2023\/10\/Maraton-en-Damasco-para-apoyar-a-los-ninos-con-cancer-10-1536x1024.jpg 1536w, https:\/\/archive.sana.sy\/es\/wp-content\/uploads\/2023\/10\/Maraton-en-Damasco-para-apoyar-a-los-ninos-con-cancer-10.jpg 2048w\" sizes=\"(max-width: 300px) 100vw, 300px\" \/><\/a><\/p>\n"},"caption":{"rendered":""},"alt_text":"","media_type":"image","mime_type":"image\/jpeg","media_details":{"width":2048,"height":1365,"file":"2023\/10\/Maraton-en-Damasco-para-apoyar-a-los-ninos-con-cancer-10.jpg","filesize":770613,"sizes":{"medium":{"file":"Maraton-en-Damasco-para-apoyar-a-los-ninos-con-cancer-10-300x200.jpg","width":300,"height":200,"filesize":20963,"mime_type":"image\/jpeg","source_url":"https:\/\/archive.sana.sy\/es\/wp-content\/uploads\/2023\/10\/Maraton-en-Damasco-para-apoyar-a-los-ninos-con-cancer-10-300x200.jpg"},"large":{"file":"Maraton-en-Damasco-para-apoyar-a-los-ninos-con-cancer-10-1024x683.jpg","width":1024,"height":683,"filesize":156608,"mime_type":"image\/jpeg","source_url":"https:\/\/archive.sana.sy\/es\/wp-content\/uploads\/2023\/10\/Maraton-en-Damasco-para-apoyar-a-los-ninos-con-cancer-10-1024x683.jpg"},"thumbnail":{"file":"Maraton-en-Damasco-para-apoyar-a-los-ninos-con-cancer-10-150x100.jpg","width":150,"height":100,"filesize":7010,"mime_type":"image\/jpeg","source_url":"https:\/\/archive.sana.sy\/es\/wp-content\/uploads\/2023\/10\/Maraton-en-Damasco-para-apoyar-a-los-ninos-con-cancer-10-150x100.jpg"},"medium_large":{"file":"Maraton-en-Damasco-para-apoyar-a-los-ninos-con-cancer-10-768x512.jpg","width":768,"height":512,"filesize":96039,"mime_type":"image\/jpeg","source_url":"https:\/\/archive.sana.sy\/es\/wp-content\/uploads\/2023\/10\/Maraton-en-Damasco-para-apoyar-a-los-ninos-con-cancer-10-768x512.jpg"},"1536x1536":{"file":"Maraton-en-Damasco-para-apoyar-a-los-ninos-con-cancer-10-1536x1024.jpg","width":1536,"height":1024,"filesize":290509,"mime_type":"image\/jpeg","source_url":"https:\/\/archive.sana.sy\/es\/wp-content\/uploads\/2023\/10\/Maraton-en-Damasco-para-apoyar-a-los-ninos-con-cancer-10-1536x1024.jpg"},"tie-small":{"file":"Maraton-en-Damasco-para-apoyar-a-los-ninos-con-cancer-10-110x75.jpg","width":110,"height":75,"filesize":4452,"mime_type":"image\/jpeg","source_url":"https:\/\/archive.sana.sy\/es\/wp-content\/uploads\/2023\/10\/Maraton-en-Damasco-para-apoyar-a-los-ninos-con-cancer-10-110x75.jpg"},"tie-medium":{"file":"Maraton-en-Damasco-para-apoyar-a-los-ninos-con-cancer-10-310x165.jpg","width":310,"height":165,"filesize":17870,"mime_type":"image\/jpeg","source_url":"https:\/\/archive.sana.sy\/es\/wp-content\/uploads\/2023\/10\/Maraton-en-Damasco-para-apoyar-a-los-ninos-con-cancer-10-310x165.jpg"},"tie-large":{"file":"Maraton-en-Damasco-para-apoyar-a-los-ninos-con-cancer-10-310x205.jpg","width":310,"height":205,"filesize":22243,"mime_type":"image\/jpeg","source_url":"https:\/\/archive.sana.sy\/es\/wp-content\/uploads\/2023\/10\/Maraton-en-Damasco-para-apoyar-a-los-ninos-con-cancer-10-310x205.jpg"},"slider":{"file":"Maraton-en-Damasco-para-apoyar-a-los-ninos-con-cancer-10-660x330.jpg","width":660,"height":330,"filesize":55649,"mime_type":"image\/jpeg","source_url":"https:\/\/archive.sana.sy\/es\/wp-content\/uploads\/2023\/10\/Maraton-en-Damasco-para-apoyar-a-los-ninos-con-cancer-10-660x330.jpg"},"big-slider":{"file":"Maraton-en-Damasco-para-apoyar-a-los-ninos-con-cancer-10-1050x525.jpg","width":1050,"height":525,"filesize":113333,"mime_type":"image\/jpeg","source_url":"https:\/\/archive.sana.sy\/es\/wp-content\/uploads\/2023\/10\/Maraton-en-Damasco-para-apoyar-a-los-ninos-con-cancer-10-1050x525.jpg"},"full":{"file":"Maraton-en-Damasco-para-apoyar-a-los-ninos-con-cancer-10.jpg","width":2048,"height":1365,"mime_type":"image\/jpeg","source_url":"https:\/\/archive.sana.sy\/es\/wp-content\/uploads\/2023\/10\/Maraton-en-Damasco-para-apoyar-a-los-ninos-con-cancer-10.jpg"}},"image_meta":{"aperture":"0","credit":"","camera":"","caption":"","created_timestamp":"0","copyright":"","focal_length":"0","iso":"0","shutter_speed":"0","title":"","orientation":"0","keywords":[]}},"post":311230,"source_url":"https:\/\/archive.sana.sy\/es\/wp-content\/uploads\/2023\/10\/Maraton-en-Damasco-para-apoyar-a-los-ninos-con-cancer-10.jpg","_links":{"self":[{"href":"https:\/\/archive.sana.sy\/es\/index.php?rest_route=\/wp\/v2\/media\/311237"}],"collection":[{"href":"https:\/\/archive.sana.sy\/es\/index.php?rest_route=\/wp\/v2\/media"}],"about":[{"href":"https:\/\/archive.sana.sy\/es\/index.php?rest_route=\/wp\/v2\/types\/attachment"}],"author":[{"embeddable":true,"href":"https:\/\/archive.sana.sy\/es\/index.php?rest_route=\/wp\/v2\/users\/39"}],"replies":[{"embeddable":true,"href":"https:\/\/archive.sana.sy\/es\/index.php?rest_route=%2Fwp%2Fv2%2Fcomments&post=311237"}]}}

Maratón-en-Damasco-para-apoyar-a-los-niños-con-cáncer (10)
