{"id":330547,"date":"2024-05-30T16:19:22","date_gmt":"2024-05-30T13:19:22","guid":{"rendered":"http:\/\/sana.sy\/es\/wp-content\/uploads\/2024\/05\/Los-presidentes-Al-Assad-y-Mokhber-destacan-la-profunda-relacion-estrategica-entre-Siria-e-Iran.jpeg"},"modified":"2024-05-30T16:19:22","modified_gmt":"2024-05-30T13:19:22","slug":"los-presidentes-al-assad-y-mokhber-destacan-la-profunda-relacion-estrategica-entre-siria-e-iran-2","status":"inherit","type":"attachment","link":"https:\/\/archive.sana.sy\/es\/?attachment_id=330547","title":{"rendered":"Los-presidentes-Al-Assad-y-Mokhber-destacan-la-profunda-relaci\u00f3n-estrat\u00e9gica-entre-Siria-e-Ir\u00e1n"},"author":39,"featured_media":0,"comment_status":"closed","ping_status":"closed","template":"","meta":[],"class_list":["post-330547","attachment","type-attachment","status-inherit",""],"description":{"rendered":"<p class=\"attachment\"><a href='https:\/\/archive.sana.sy\/es\/wp-content\/uploads\/2024\/05\/Los-presidentes-Al-Assad-y-Mokhber-destacan-la-profunda-relacion-estrategica-entre-Siria-e-Iran.jpeg'><img loading=\"lazy\" decoding=\"async\" width=\"300\" height=\"192\" src=\"https:\/\/archive.sana.sy\/es\/wp-content\/uploads\/2024\/05\/Los-presidentes-Al-Assad-y-Mokhber-destacan-la-profunda-relacion-estrategica-entre-Siria-e-Iran-300x192.jpeg\" class=\"attachment-medium size-medium\" alt=\"\" srcset=\"https:\/\/archive.sana.sy\/es\/wp-content\/uploads\/2024\/05\/Los-presidentes-Al-Assad-y-Mokhber-destacan-la-profunda-relacion-estrategica-entre-Siria-e-Iran-300x192.jpeg 300w, https:\/\/archive.sana.sy\/es\/wp-content\/uploads\/2024\/05\/Los-presidentes-Al-Assad-y-Mokhber-destacan-la-profunda-relacion-estrategica-entre-Siria-e-Iran-1024x656.jpeg 1024w, https:\/\/archive.sana.sy\/es\/wp-content\/uploads\/2024\/05\/Los-presidentes-Al-Assad-y-Mokhber-destacan-la-profunda-relacion-estrategica-entre-Siria-e-Iran-150x96.jpeg 150w, https:\/\/archive.sana.sy\/es\/wp-content\/uploads\/2024\/05\/Los-presidentes-Al-Assad-y-Mokhber-destacan-la-profunda-relacion-estrategica-entre-Siria-e-Iran-768x492.jpeg 768w, https:\/\/archive.sana.sy\/es\/wp-content\/uploads\/2024\/05\/Los-presidentes-Al-Assad-y-Mokhber-destacan-la-profunda-relacion-estrategica-entre-Siria-e-Iran.jpeg 1280w\" sizes=\"(max-width: 300px) 100vw, 300px\" \/><\/a><\/p>\n"},"caption":{"rendered":""},"alt_text":"","media_type":"image","mime_type":"image\/jpeg","media_details":{"width":1280,"height":820,"file":"2024\/05\/Los-presidentes-Al-Assad-y-Mokhber-destacan-la-profunda-relacion-estrategica-entre-Siria-e-Iran.jpeg","filesize":132018,"sizes":{"medium":{"file":"Los-presidentes-Al-Assad-y-Mokhber-destacan-la-profunda-relacion-estrategica-entre-Siria-e-Iran-300x192.jpeg","width":300,"height":192,"filesize":13804,"mime_type":"image\/jpeg","source_url":"https:\/\/archive.sana.sy\/es\/wp-content\/uploads\/2024\/05\/Los-presidentes-Al-Assad-y-Mokhber-destacan-la-profunda-relacion-estrategica-entre-Siria-e-Iran-300x192.jpeg"},"large":{"file":"Los-presidentes-Al-Assad-y-Mokhber-destacan-la-profunda-relacion-estrategica-entre-Siria-e-Iran-1024x656.jpeg","width":1024,"height":656,"filesize":82488,"mime_type":"image\/jpeg","source_url":"https:\/\/archive.sana.sy\/es\/wp-content\/uploads\/2024\/05\/Los-presidentes-Al-Assad-y-Mokhber-destacan-la-profunda-relacion-estrategica-entre-Siria-e-Iran-1024x656.jpeg"},"thumbnail":{"file":"Los-presidentes-Al-Assad-y-Mokhber-destacan-la-profunda-relacion-estrategica-entre-Siria-e-Iran-150x96.jpeg","width":150,"height":96,"filesize":5139,"mime_type":"image\/jpeg","source_url":"https:\/\/archive.sana.sy\/es\/wp-content\/uploads\/2024\/05\/Los-presidentes-Al-Assad-y-Mokhber-destacan-la-profunda-relacion-estrategica-entre-Siria-e-Iran-150x96.jpeg"},"medium_large":{"file":"Los-presidentes-Al-Assad-y-Mokhber-destacan-la-profunda-relacion-estrategica-entre-Siria-e-Iran-768x492.jpeg","width":768,"height":492,"filesize":55461,"mime_type":"image\/jpeg","source_url":"https:\/\/archive.sana.sy\/es\/wp-content\/uploads\/2024\/05\/Los-presidentes-Al-Assad-y-Mokhber-destacan-la-profunda-relacion-estrategica-entre-Siria-e-Iran-768x492.jpeg"},"tie-small":{"file":"Los-presidentes-Al-Assad-y-Mokhber-destacan-la-profunda-relacion-estrategica-entre-Siria-e-Iran-110x75.jpeg","width":110,"height":75,"filesize":3740,"mime_type":"image\/jpeg","source_url":"https:\/\/archive.sana.sy\/es\/wp-content\/uploads\/2024\/05\/Los-presidentes-Al-Assad-y-Mokhber-destacan-la-profunda-relacion-estrategica-entre-Siria-e-Iran-110x75.jpeg"},"tie-medium":{"file":"Los-presidentes-Al-Assad-y-Mokhber-destacan-la-profunda-relacion-estrategica-entre-Siria-e-Iran-310x165.jpeg","width":310,"height":165,"filesize":12504,"mime_type":"image\/jpeg","source_url":"https:\/\/archive.sana.sy\/es\/wp-content\/uploads\/2024\/05\/Los-presidentes-Al-Assad-y-Mokhber-destacan-la-profunda-relacion-estrategica-entre-Siria-e-Iran-310x165.jpeg"},"tie-large":{"file":"Los-presidentes-Al-Assad-y-Mokhber-destacan-la-profunda-relacion-estrategica-entre-Siria-e-Iran-310x205.jpeg","width":310,"height":205,"filesize":15243,"mime_type":"image\/jpeg","source_url":"https:\/\/archive.sana.sy\/es\/wp-content\/uploads\/2024\/05\/Los-presidentes-Al-Assad-y-Mokhber-destacan-la-profunda-relacion-estrategica-entre-Siria-e-Iran-310x205.jpeg"},"slider":{"file":"Los-presidentes-Al-Assad-y-Mokhber-destacan-la-profunda-relacion-estrategica-entre-Siria-e-Iran-660x330.jpeg","width":660,"height":330,"filesize":34810,"mime_type":"image\/jpeg","source_url":"https:\/\/archive.sana.sy\/es\/wp-content\/uploads\/2024\/05\/Los-presidentes-Al-Assad-y-Mokhber-destacan-la-profunda-relacion-estrategica-entre-Siria-e-Iran-660x330.jpeg"},"big-slider":{"file":"Los-presidentes-Al-Assad-y-Mokhber-destacan-la-profunda-relacion-estrategica-entre-Siria-e-Iran-1050x525.jpeg","width":1050,"height":525,"filesize":66234,"mime_type":"image\/jpeg","source_url":"https:\/\/archive.sana.sy\/es\/wp-content\/uploads\/2024\/05\/Los-presidentes-Al-Assad-y-Mokhber-destacan-la-profunda-relacion-estrategica-entre-Siria-e-Iran-1050x525.jpeg"},"full":{"file":"Los-presidentes-Al-Assad-y-Mokhber-destacan-la-profunda-relacion-estrategica-entre-Siria-e-Iran.jpeg","width":1280,"height":820,"mime_type":"image\/jpeg","source_url":"https:\/\/archive.sana.sy\/es\/wp-content\/uploads\/2024\/05\/Los-presidentes-Al-Assad-y-Mokhber-destacan-la-profunda-relacion-estrategica-entre-Siria-e-Iran.jpeg"}},"image_meta":{"aperture":"0","credit":"","camera":"","caption":"","created_timestamp":"0","copyright":"","focal_length":"0","iso":"0","shutter_speed":"0","title":"","orientation":"0","keywords":[]}},"post":330543,"source_url":"https:\/\/archive.sana.sy\/es\/wp-content\/uploads\/2024\/05\/Los-presidentes-Al-Assad-y-Mokhber-destacan-la-profunda-relacion-estrategica-entre-Siria-e-Iran.jpeg","_links":{"self":[{"href":"https:\/\/archive.sana.sy\/es\/index.php?rest_route=\/wp\/v2\/media\/330547"}],"collection":[{"href":"https:\/\/archive.sana.sy\/es\/index.php?rest_route=\/wp\/v2\/media"}],"about":[{"href":"https:\/\/archive.sana.sy\/es\/index.php?rest_route=\/wp\/v2\/types\/attachment"}],"author":[{"embeddable":true,"href":"https:\/\/archive.sana.sy\/es\/index.php?rest_route=\/wp\/v2\/users\/39"}],"replies":[{"embeddable":true,"href":"https:\/\/archive.sana.sy\/es\/index.php?rest_route=%2Fwp%2Fv2%2Fcomments&post=330547"}]}}

Los-presidentes-Al-Assad-y-Mokhber-destacan-la-profunda-relación-estratégica-entre-Siria-e-Irán
