{"id":330549,"date":"2024-05-30T16:19:23","date_gmt":"2024-05-30T13:19:23","guid":{"rendered":"http:\/\/sana.sy\/es\/wp-content\/uploads\/2024\/05\/Los-presidentes-Al-Assad-y-Mokhber-destacan-la-profunda-relacion-estrategica-entre-Siria-e-Iran2.jpeg"},"modified":"2024-05-30T16:19:23","modified_gmt":"2024-05-30T13:19:23","slug":"los-presidentes-al-assad-y-mokhber-destacan-la-profunda-relacion-estrategica-entre-siria-e-iran2","status":"inherit","type":"attachment","link":"https:\/\/archive.sana.sy\/es\/?attachment_id=330549","title":{"rendered":"Los-presidentes-Al-Assad-y-Mokhber-destacan-la-profunda-relaci\u00f3n-estrat\u00e9gica-entre-Siria-e-Ir\u00e1n2"},"author":39,"featured_media":0,"comment_status":"closed","ping_status":"closed","template":"","meta":[],"class_list":["post-330549","attachment","type-attachment","status-inherit",""],"description":{"rendered":"<p class=\"attachment\"><a href='https:\/\/archive.sana.sy\/es\/wp-content\/uploads\/2024\/05\/Los-presidentes-Al-Assad-y-Mokhber-destacan-la-profunda-relacion-estrategica-entre-Siria-e-Iran2.jpeg'><img loading=\"lazy\" decoding=\"async\" width=\"300\" height=\"141\" src=\"https:\/\/archive.sana.sy\/es\/wp-content\/uploads\/2024\/05\/Los-presidentes-Al-Assad-y-Mokhber-destacan-la-profunda-relacion-estrategica-entre-Siria-e-Iran2-300x141.jpeg\" class=\"attachment-medium size-medium\" alt=\"\" srcset=\"https:\/\/archive.sana.sy\/es\/wp-content\/uploads\/2024\/05\/Los-presidentes-Al-Assad-y-Mokhber-destacan-la-profunda-relacion-estrategica-entre-Siria-e-Iran2-300x141.jpeg 300w, https:\/\/archive.sana.sy\/es\/wp-content\/uploads\/2024\/05\/Los-presidentes-Al-Assad-y-Mokhber-destacan-la-profunda-relacion-estrategica-entre-Siria-e-Iran2-1024x480.jpeg 1024w, https:\/\/archive.sana.sy\/es\/wp-content\/uploads\/2024\/05\/Los-presidentes-Al-Assad-y-Mokhber-destacan-la-profunda-relacion-estrategica-entre-Siria-e-Iran2-150x70.jpeg 150w, https:\/\/archive.sana.sy\/es\/wp-content\/uploads\/2024\/05\/Los-presidentes-Al-Assad-y-Mokhber-destacan-la-profunda-relacion-estrategica-entre-Siria-e-Iran2-768x360.jpeg 768w, https:\/\/archive.sana.sy\/es\/wp-content\/uploads\/2024\/05\/Los-presidentes-Al-Assad-y-Mokhber-destacan-la-profunda-relacion-estrategica-entre-Siria-e-Iran2.jpeg 1280w\" sizes=\"(max-width: 300px) 100vw, 300px\" \/><\/a><\/p>\n"},"caption":{"rendered":""},"alt_text":"","media_type":"image","mime_type":"image\/jpeg","media_details":{"width":1280,"height":600,"file":"2024\/05\/Los-presidentes-Al-Assad-y-Mokhber-destacan-la-profunda-relacion-estrategica-entre-Siria-e-Iran2.jpeg","filesize":161612,"sizes":{"medium":{"file":"Los-presidentes-Al-Assad-y-Mokhber-destacan-la-profunda-relacion-estrategica-entre-Siria-e-Iran2-300x141.jpeg","width":300,"height":141,"filesize":13291,"mime_type":"image\/jpeg","source_url":"https:\/\/archive.sana.sy\/es\/wp-content\/uploads\/2024\/05\/Los-presidentes-Al-Assad-y-Mokhber-destacan-la-profunda-relacion-estrategica-entre-Siria-e-Iran2-300x141.jpeg"},"large":{"file":"Los-presidentes-Al-Assad-y-Mokhber-destacan-la-profunda-relacion-estrategica-entre-Siria-e-Iran2-1024x480.jpeg","width":1024,"height":480,"filesize":95422,"mime_type":"image\/jpeg","source_url":"https:\/\/archive.sana.sy\/es\/wp-content\/uploads\/2024\/05\/Los-presidentes-Al-Assad-y-Mokhber-destacan-la-profunda-relacion-estrategica-entre-Siria-e-Iran2-1024x480.jpeg"},"thumbnail":{"file":"Los-presidentes-Al-Assad-y-Mokhber-destacan-la-profunda-relacion-estrategica-entre-Siria-e-Iran2-150x70.jpeg","width":150,"height":70,"filesize":4477,"mime_type":"image\/jpeg","source_url":"https:\/\/archive.sana.sy\/es\/wp-content\/uploads\/2024\/05\/Los-presidentes-Al-Assad-y-Mokhber-destacan-la-profunda-relacion-estrategica-entre-Siria-e-Iran2-150x70.jpeg"},"medium_large":{"file":"Los-presidentes-Al-Assad-y-Mokhber-destacan-la-profunda-relacion-estrategica-entre-Siria-e-Iran2-768x360.jpeg","width":768,"height":360,"filesize":61433,"mime_type":"image\/jpeg","source_url":"https:\/\/archive.sana.sy\/es\/wp-content\/uploads\/2024\/05\/Los-presidentes-Al-Assad-y-Mokhber-destacan-la-profunda-relacion-estrategica-entre-Siria-e-Iran2-768x360.jpeg"},"tie-small":{"file":"Los-presidentes-Al-Assad-y-Mokhber-destacan-la-profunda-relacion-estrategica-entre-Siria-e-Iran2-110x75.jpeg","width":110,"height":75,"filesize":3466,"mime_type":"image\/jpeg","source_url":"https:\/\/archive.sana.sy\/es\/wp-content\/uploads\/2024\/05\/Los-presidentes-Al-Assad-y-Mokhber-destacan-la-profunda-relacion-estrategica-entre-Siria-e-Iran2-110x75.jpeg"},"tie-medium":{"file":"Los-presidentes-Al-Assad-y-Mokhber-destacan-la-profunda-relacion-estrategica-entre-Siria-e-Iran2-310x165.jpeg","width":310,"height":165,"filesize":15360,"mime_type":"image\/jpeg","source_url":"https:\/\/archive.sana.sy\/es\/wp-content\/uploads\/2024\/05\/Los-presidentes-Al-Assad-y-Mokhber-destacan-la-profunda-relacion-estrategica-entre-Siria-e-Iran2-310x165.jpeg"},"tie-large":{"file":"Los-presidentes-Al-Assad-y-Mokhber-destacan-la-profunda-relacion-estrategica-entre-Siria-e-Iran2-310x205.jpeg","width":310,"height":205,"filesize":17214,"mime_type":"image\/jpeg","source_url":"https:\/\/archive.sana.sy\/es\/wp-content\/uploads\/2024\/05\/Los-presidentes-Al-Assad-y-Mokhber-destacan-la-profunda-relacion-estrategica-entre-Siria-e-Iran2-310x205.jpeg"},"slider":{"file":"Los-presidentes-Al-Assad-y-Mokhber-destacan-la-profunda-relacion-estrategica-entre-Siria-e-Iran2-660x330.jpeg","width":660,"height":330,"filesize":50922,"mime_type":"image\/jpeg","source_url":"https:\/\/archive.sana.sy\/es\/wp-content\/uploads\/2024\/05\/Los-presidentes-Al-Assad-y-Mokhber-destacan-la-profunda-relacion-estrategica-entre-Siria-e-Iran2-660x330.jpeg"},"big-slider":{"file":"Los-presidentes-Al-Assad-y-Mokhber-destacan-la-profunda-relacion-estrategica-entre-Siria-e-Iran2-1050x525.jpeg","width":1050,"height":525,"filesize":105592,"mime_type":"image\/jpeg","source_url":"https:\/\/archive.sana.sy\/es\/wp-content\/uploads\/2024\/05\/Los-presidentes-Al-Assad-y-Mokhber-destacan-la-profunda-relacion-estrategica-entre-Siria-e-Iran2-1050x525.jpeg"},"full":{"file":"Los-presidentes-Al-Assad-y-Mokhber-destacan-la-profunda-relacion-estrategica-entre-Siria-e-Iran2.jpeg","width":1280,"height":600,"mime_type":"image\/jpeg","source_url":"https:\/\/archive.sana.sy\/es\/wp-content\/uploads\/2024\/05\/Los-presidentes-Al-Assad-y-Mokhber-destacan-la-profunda-relacion-estrategica-entre-Siria-e-Iran2.jpeg"}},"image_meta":{"aperture":"0","credit":"","camera":"","caption":"","created_timestamp":"0","copyright":"","focal_length":"0","iso":"0","shutter_speed":"0","title":"","orientation":"0","keywords":[]}},"post":330543,"source_url":"https:\/\/archive.sana.sy\/es\/wp-content\/uploads\/2024\/05\/Los-presidentes-Al-Assad-y-Mokhber-destacan-la-profunda-relacion-estrategica-entre-Siria-e-Iran2.jpeg","_links":{"self":[{"href":"https:\/\/archive.sana.sy\/es\/index.php?rest_route=\/wp\/v2\/media\/330549"}],"collection":[{"href":"https:\/\/archive.sana.sy\/es\/index.php?rest_route=\/wp\/v2\/media"}],"about":[{"href":"https:\/\/archive.sana.sy\/es\/index.php?rest_route=\/wp\/v2\/types\/attachment"}],"author":[{"embeddable":true,"href":"https:\/\/archive.sana.sy\/es\/index.php?rest_route=\/wp\/v2\/users\/39"}],"replies":[{"embeddable":true,"href":"https:\/\/archive.sana.sy\/es\/index.php?rest_route=%2Fwp%2Fv2%2Fcomments&post=330549"}]}}

Los-presidentes-Al-Assad-y-Mokhber-destacan-la-profunda-relación-estratégica-entre-Siria-e-Irán2
