{"id":332648,"date":"2024-06-27T19:50:33","date_gmt":"2024-06-27T16:50:33","guid":{"rendered":"http:\/\/sana.sy\/es\/wp-content\/uploads\/2024\/06\/Dos-escuelas-en-el-sur-de-Siria-resultan-danadas-debido-a-la-reciente-agresion-israeli00.jpeg"},"modified":"2024-06-27T19:50:33","modified_gmt":"2024-06-27T16:50:33","slug":"dos-escuelas-en-el-sur-de-siria-resultan-danadas-debido-a-la-reciente-agresion-israeli00","status":"inherit","type":"attachment","link":"https:\/\/archive.sana.sy\/es\/?attachment_id=332648","title":{"rendered":"Dos-escuelas-en-el-sur-de-Siria-resultan-da\u00f1adas-debido-a-la-reciente-agresi\u00f3n-israel\u00ed00"},"author":39,"featured_media":0,"comment_status":"closed","ping_status":"closed","template":"","meta":[],"class_list":["post-332648","attachment","type-attachment","status-inherit",""],"description":{"rendered":"<p class=\"attachment\"><a href='https:\/\/archive.sana.sy\/es\/wp-content\/uploads\/2024\/06\/Dos-escuelas-en-el-sur-de-Siria-resultan-danadas-debido-a-la-reciente-agresion-israeli00.jpeg'><img loading=\"lazy\" decoding=\"async\" width=\"225\" height=\"300\" src=\"https:\/\/archive.sana.sy\/es\/wp-content\/uploads\/2024\/06\/Dos-escuelas-en-el-sur-de-Siria-resultan-danadas-debido-a-la-reciente-agresion-israeli00-225x300.jpeg\" class=\"attachment-medium size-medium\" alt=\"\" srcset=\"https:\/\/archive.sana.sy\/es\/wp-content\/uploads\/2024\/06\/Dos-escuelas-en-el-sur-de-Siria-resultan-danadas-debido-a-la-reciente-agresion-israeli00-225x300.jpeg 225w, https:\/\/archive.sana.sy\/es\/wp-content\/uploads\/2024\/06\/Dos-escuelas-en-el-sur-de-Siria-resultan-danadas-debido-a-la-reciente-agresion-israeli00-113x150.jpeg 113w, https:\/\/archive.sana.sy\/es\/wp-content\/uploads\/2024\/06\/Dos-escuelas-en-el-sur-de-Siria-resultan-danadas-debido-a-la-reciente-agresion-israeli00.jpeg 660w\" sizes=\"(max-width: 225px) 100vw, 225px\" \/><\/a><\/p>\n"},"caption":{"rendered":""},"alt_text":"","media_type":"image","mime_type":"image\/jpeg","media_details":{"width":660,"height":880,"file":"2024\/06\/Dos-escuelas-en-el-sur-de-Siria-resultan-danadas-debido-a-la-reciente-agresion-israeli00.jpeg","filesize":408033,"sizes":{"medium":{"file":"Dos-escuelas-en-el-sur-de-Siria-resultan-danadas-debido-a-la-reciente-agresion-israeli00-225x300.jpeg","width":225,"height":300,"filesize":18222,"mime_type":"image\/jpeg","source_url":"https:\/\/archive.sana.sy\/es\/wp-content\/uploads\/2024\/06\/Dos-escuelas-en-el-sur-de-Siria-resultan-danadas-debido-a-la-reciente-agresion-israeli00-225x300.jpeg"},"thumbnail":{"file":"Dos-escuelas-en-el-sur-de-Siria-resultan-danadas-debido-a-la-reciente-agresion-israeli00-113x150.jpeg","width":113,"height":150,"filesize":5789,"mime_type":"image\/jpeg","source_url":"https:\/\/archive.sana.sy\/es\/wp-content\/uploads\/2024\/06\/Dos-escuelas-en-el-sur-de-Siria-resultan-danadas-debido-a-la-reciente-agresion-israeli00-113x150.jpeg"},"tie-small":{"file":"Dos-escuelas-en-el-sur-de-Siria-resultan-danadas-debido-a-la-reciente-agresion-israeli00-110x75.jpeg","width":110,"height":75,"filesize":3453,"mime_type":"image\/jpeg","source_url":"https:\/\/archive.sana.sy\/es\/wp-content\/uploads\/2024\/06\/Dos-escuelas-en-el-sur-de-Siria-resultan-danadas-debido-a-la-reciente-agresion-israeli00-110x75.jpeg"},"tie-medium":{"file":"Dos-escuelas-en-el-sur-de-Siria-resultan-danadas-debido-a-la-reciente-agresion-israeli00-310x165.jpeg","width":310,"height":165,"filesize":14683,"mime_type":"image\/jpeg","source_url":"https:\/\/archive.sana.sy\/es\/wp-content\/uploads\/2024\/06\/Dos-escuelas-en-el-sur-de-Siria-resultan-danadas-debido-a-la-reciente-agresion-israeli00-310x165.jpeg"},"tie-large":{"file":"Dos-escuelas-en-el-sur-de-Siria-resultan-danadas-debido-a-la-reciente-agresion-israeli00-310x205.jpeg","width":310,"height":205,"filesize":17050,"mime_type":"image\/jpeg","source_url":"https:\/\/archive.sana.sy\/es\/wp-content\/uploads\/2024\/06\/Dos-escuelas-en-el-sur-de-Siria-resultan-danadas-debido-a-la-reciente-agresion-israeli00-310x205.jpeg"},"slider":{"file":"Dos-escuelas-en-el-sur-de-Siria-resultan-danadas-debido-a-la-reciente-agresion-israeli00-660x330.jpeg","width":660,"height":330,"filesize":48760,"mime_type":"image\/jpeg","source_url":"https:\/\/archive.sana.sy\/es\/wp-content\/uploads\/2024\/06\/Dos-escuelas-en-el-sur-de-Siria-resultan-danadas-debido-a-la-reciente-agresion-israeli00-660x330.jpeg"},"big-slider":{"file":"Dos-escuelas-en-el-sur-de-Siria-resultan-danadas-debido-a-la-reciente-agresion-israeli00-660x525.jpeg","width":660,"height":525,"filesize":69038,"mime_type":"image\/jpeg","source_url":"https:\/\/archive.sana.sy\/es\/wp-content\/uploads\/2024\/06\/Dos-escuelas-en-el-sur-de-Siria-resultan-danadas-debido-a-la-reciente-agresion-israeli00-660x525.jpeg"},"full":{"file":"Dos-escuelas-en-el-sur-de-Siria-resultan-danadas-debido-a-la-reciente-agresion-israeli00.jpeg","width":660,"height":880,"mime_type":"image\/jpeg","source_url":"https:\/\/archive.sana.sy\/es\/wp-content\/uploads\/2024\/06\/Dos-escuelas-en-el-sur-de-Siria-resultan-danadas-debido-a-la-reciente-agresion-israeli00.jpeg"}},"image_meta":{"aperture":"0","credit":"","camera":"","caption":"","created_timestamp":"0","copyright":"","focal_length":"0","iso":"0","shutter_speed":"0","title":"","orientation":"1","keywords":[]}},"post":332644,"source_url":"https:\/\/archive.sana.sy\/es\/wp-content\/uploads\/2024\/06\/Dos-escuelas-en-el-sur-de-Siria-resultan-danadas-debido-a-la-reciente-agresion-israeli00.jpeg","_links":{"self":[{"href":"https:\/\/archive.sana.sy\/es\/index.php?rest_route=\/wp\/v2\/media\/332648"}],"collection":[{"href":"https:\/\/archive.sana.sy\/es\/index.php?rest_route=\/wp\/v2\/media"}],"about":[{"href":"https:\/\/archive.sana.sy\/es\/index.php?rest_route=\/wp\/v2\/types\/attachment"}],"author":[{"embeddable":true,"href":"https:\/\/archive.sana.sy\/es\/index.php?rest_route=\/wp\/v2\/users\/39"}],"replies":[{"embeddable":true,"href":"https:\/\/archive.sana.sy\/es\/index.php?rest_route=%2Fwp%2Fv2%2Fcomments&post=332648"}]}}

Dos-escuelas-en-el-sur-de-Siria-resultan-dañadas-debido-a-la-reciente-agresión-israelí00
