{"id":332649,"date":"2024-06-27T19:50:34","date_gmt":"2024-06-27T16:50:34","guid":{"rendered":"http:\/\/sana.sy\/es\/wp-content\/uploads\/2024\/06\/Dos-escuelas-en-el-sur-de-Siria-resultan-danadas-debido-a-la-reciente-agresion-israeli0.jpeg"},"modified":"2024-06-27T19:50:34","modified_gmt":"2024-06-27T16:50:34","slug":"dos-escuelas-en-el-sur-de-siria-resultan-danadas-debido-a-la-reciente-agresion-israeli0","status":"inherit","type":"attachment","link":"https:\/\/archive.sana.sy\/es\/?attachment_id=332649","title":{"rendered":"Dos-escuelas-en-el-sur-de-Siria-resultan-da\u00f1adas-debido-a-la-reciente-agresi\u00f3n-israel\u00ed0"},"author":39,"featured_media":0,"comment_status":"closed","ping_status":"closed","template":"","meta":[],"class_list":["post-332649","attachment","type-attachment","status-inherit",""],"description":{"rendered":"<p class=\"attachment\"><a href='https:\/\/archive.sana.sy\/es\/wp-content\/uploads\/2024\/06\/Dos-escuelas-en-el-sur-de-Siria-resultan-danadas-debido-a-la-reciente-agresion-israeli0.jpeg'><img loading=\"lazy\" decoding=\"async\" width=\"300\" height=\"199\" src=\"https:\/\/archive.sana.sy\/es\/wp-content\/uploads\/2024\/06\/Dos-escuelas-en-el-sur-de-Siria-resultan-danadas-debido-a-la-reciente-agresion-israeli0-300x199.jpeg\" class=\"attachment-medium size-medium\" alt=\"\" srcset=\"https:\/\/archive.sana.sy\/es\/wp-content\/uploads\/2024\/06\/Dos-escuelas-en-el-sur-de-Siria-resultan-danadas-debido-a-la-reciente-agresion-israeli0-300x199.jpeg 300w, https:\/\/archive.sana.sy\/es\/wp-content\/uploads\/2024\/06\/Dos-escuelas-en-el-sur-de-Siria-resultan-danadas-debido-a-la-reciente-agresion-israeli0-150x99.jpeg 150w, https:\/\/archive.sana.sy\/es\/wp-content\/uploads\/2024\/06\/Dos-escuelas-en-el-sur-de-Siria-resultan-danadas-debido-a-la-reciente-agresion-israeli0-310x205.jpeg 310w, https:\/\/archive.sana.sy\/es\/wp-content\/uploads\/2024\/06\/Dos-escuelas-en-el-sur-de-Siria-resultan-danadas-debido-a-la-reciente-agresion-israeli0.jpeg 660w\" sizes=\"(max-width: 300px) 100vw, 300px\" \/><\/a><\/p>\n"},"caption":{"rendered":""},"alt_text":"","media_type":"image","mime_type":"image\/jpeg","media_details":{"width":660,"height":437,"file":"2024\/06\/Dos-escuelas-en-el-sur-de-Siria-resultan-danadas-debido-a-la-reciente-agresion-israeli0.jpeg","filesize":180690,"sizes":{"medium":{"file":"Dos-escuelas-en-el-sur-de-Siria-resultan-danadas-debido-a-la-reciente-agresion-israeli0-300x199.jpeg","width":300,"height":199,"filesize":11600,"mime_type":"image\/jpeg","source_url":"https:\/\/archive.sana.sy\/es\/wp-content\/uploads\/2024\/06\/Dos-escuelas-en-el-sur-de-Siria-resultan-danadas-debido-a-la-reciente-agresion-israeli0-300x199.jpeg"},"thumbnail":{"file":"Dos-escuelas-en-el-sur-de-Siria-resultan-danadas-debido-a-la-reciente-agresion-israeli0-150x99.jpeg","width":150,"height":99,"filesize":3832,"mime_type":"image\/jpeg","source_url":"https:\/\/archive.sana.sy\/es\/wp-content\/uploads\/2024\/06\/Dos-escuelas-en-el-sur-de-Siria-resultan-danadas-debido-a-la-reciente-agresion-israeli0-150x99.jpeg"},"tie-small":{"file":"Dos-escuelas-en-el-sur-de-Siria-resultan-danadas-debido-a-la-reciente-agresion-israeli0-110x75.jpeg","width":110,"height":75,"filesize":2570,"mime_type":"image\/jpeg","source_url":"https:\/\/archive.sana.sy\/es\/wp-content\/uploads\/2024\/06\/Dos-escuelas-en-el-sur-de-Siria-resultan-danadas-debido-a-la-reciente-agresion-israeli0-110x75.jpeg"},"tie-medium":{"file":"Dos-escuelas-en-el-sur-de-Siria-resultan-danadas-debido-a-la-reciente-agresion-israeli0-310x165.jpeg","width":310,"height":165,"filesize":9746,"mime_type":"image\/jpeg","source_url":"https:\/\/archive.sana.sy\/es\/wp-content\/uploads\/2024\/06\/Dos-escuelas-en-el-sur-de-Siria-resultan-danadas-debido-a-la-reciente-agresion-israeli0-310x165.jpeg"},"tie-large":{"file":"Dos-escuelas-en-el-sur-de-Siria-resultan-danadas-debido-a-la-reciente-agresion-israeli0-310x205.jpeg","width":310,"height":205,"filesize":12258,"mime_type":"image\/jpeg","source_url":"https:\/\/archive.sana.sy\/es\/wp-content\/uploads\/2024\/06\/Dos-escuelas-en-el-sur-de-Siria-resultan-danadas-debido-a-la-reciente-agresion-israeli0-310x205.jpeg"},"slider":{"file":"Dos-escuelas-en-el-sur-de-Siria-resultan-danadas-debido-a-la-reciente-agresion-israeli0-660x330.jpeg","width":660,"height":330,"filesize":32335,"mime_type":"image\/jpeg","source_url":"https:\/\/archive.sana.sy\/es\/wp-content\/uploads\/2024\/06\/Dos-escuelas-en-el-sur-de-Siria-resultan-danadas-debido-a-la-reciente-agresion-israeli0-660x330.jpeg"},"full":{"file":"Dos-escuelas-en-el-sur-de-Siria-resultan-danadas-debido-a-la-reciente-agresion-israeli0.jpeg","width":660,"height":437,"mime_type":"image\/jpeg","source_url":"https:\/\/archive.sana.sy\/es\/wp-content\/uploads\/2024\/06\/Dos-escuelas-en-el-sur-de-Siria-resultan-danadas-debido-a-la-reciente-agresion-israeli0.jpeg"}},"image_meta":{"aperture":"0","credit":"","camera":"","caption":"","created_timestamp":"0","copyright":"","focal_length":"0","iso":"0","shutter_speed":"0","title":"","orientation":"1","keywords":[]}},"post":332644,"source_url":"https:\/\/archive.sana.sy\/es\/wp-content\/uploads\/2024\/06\/Dos-escuelas-en-el-sur-de-Siria-resultan-danadas-debido-a-la-reciente-agresion-israeli0.jpeg","_links":{"self":[{"href":"https:\/\/archive.sana.sy\/es\/index.php?rest_route=\/wp\/v2\/media\/332649"}],"collection":[{"href":"https:\/\/archive.sana.sy\/es\/index.php?rest_route=\/wp\/v2\/media"}],"about":[{"href":"https:\/\/archive.sana.sy\/es\/index.php?rest_route=\/wp\/v2\/types\/attachment"}],"author":[{"embeddable":true,"href":"https:\/\/archive.sana.sy\/es\/index.php?rest_route=\/wp\/v2\/users\/39"}],"replies":[{"embeddable":true,"href":"https:\/\/archive.sana.sy\/es\/index.php?rest_route=%2Fwp%2Fv2%2Fcomments&post=332649"}]}}

Dos-escuelas-en-el-sur-de-Siria-resultan-dañadas-debido-a-la-reciente-agresión-israelí0
