{"id":332650,"date":"2024-06-27T19:50:34","date_gmt":"2024-06-27T16:50:34","guid":{"rendered":"http:\/\/sana.sy\/es\/wp-content\/uploads\/2024\/06\/Dos-escuelas-en-el-sur-de-Siria-resultan-danadas-debido-a-la-reciente-agresion-israeli01.jpeg"},"modified":"2024-06-27T19:50:34","modified_gmt":"2024-06-27T16:50:34","slug":"dos-escuelas-en-el-sur-de-siria-resultan-danadas-debido-a-la-reciente-agresion-israeli01","status":"inherit","type":"attachment","link":"https:\/\/archive.sana.sy\/es\/?attachment_id=332650","title":{"rendered":"Dos-escuelas-en-el-sur-de-Siria-resultan-da\u00f1adas-debido-a-la-reciente-agresi\u00f3n-israel\u00ed01"},"author":39,"featured_media":0,"comment_status":"closed","ping_status":"closed","template":"","meta":[],"class_list":["post-332650","attachment","type-attachment","status-inherit",""],"description":{"rendered":"<p class=\"attachment\"><a href='https:\/\/archive.sana.sy\/es\/wp-content\/uploads\/2024\/06\/Dos-escuelas-en-el-sur-de-Siria-resultan-danadas-debido-a-la-reciente-agresion-israeli01.jpeg'><img loading=\"lazy\" decoding=\"async\" width=\"250\" height=\"300\" src=\"https:\/\/archive.sana.sy\/es\/wp-content\/uploads\/2024\/06\/Dos-escuelas-en-el-sur-de-Siria-resultan-danadas-debido-a-la-reciente-agresion-israeli01-250x300.jpeg\" class=\"attachment-medium size-medium\" alt=\"\" srcset=\"https:\/\/archive.sana.sy\/es\/wp-content\/uploads\/2024\/06\/Dos-escuelas-en-el-sur-de-Siria-resultan-danadas-debido-a-la-reciente-agresion-israeli01-250x300.jpeg 250w, https:\/\/archive.sana.sy\/es\/wp-content\/uploads\/2024\/06\/Dos-escuelas-en-el-sur-de-Siria-resultan-danadas-debido-a-la-reciente-agresion-israeli01-125x150.jpeg 125w, https:\/\/archive.sana.sy\/es\/wp-content\/uploads\/2024\/06\/Dos-escuelas-en-el-sur-de-Siria-resultan-danadas-debido-a-la-reciente-agresion-israeli01.jpeg 660w\" sizes=\"(max-width: 250px) 100vw, 250px\" \/><\/a><\/p>\n"},"caption":{"rendered":""},"alt_text":"","media_type":"image","mime_type":"image\/jpeg","media_details":{"width":660,"height":793,"file":"2024\/06\/Dos-escuelas-en-el-sur-de-Siria-resultan-danadas-debido-a-la-reciente-agresion-israeli01.jpeg","filesize":314159,"sizes":{"medium":{"file":"Dos-escuelas-en-el-sur-de-Siria-resultan-danadas-debido-a-la-reciente-agresion-israeli01-250x300.jpeg","width":250,"height":300,"filesize":14809,"mime_type":"image\/jpeg","source_url":"https:\/\/archive.sana.sy\/es\/wp-content\/uploads\/2024\/06\/Dos-escuelas-en-el-sur-de-Siria-resultan-danadas-debido-a-la-reciente-agresion-israeli01-250x300.jpeg"},"thumbnail":{"file":"Dos-escuelas-en-el-sur-de-Siria-resultan-danadas-debido-a-la-reciente-agresion-israeli01-125x150.jpeg","width":125,"height":150,"filesize":5085,"mime_type":"image\/jpeg","source_url":"https:\/\/archive.sana.sy\/es\/wp-content\/uploads\/2024\/06\/Dos-escuelas-en-el-sur-de-Siria-resultan-danadas-debido-a-la-reciente-agresion-israeli01-125x150.jpeg"},"tie-small":{"file":"Dos-escuelas-en-el-sur-de-Siria-resultan-danadas-debido-a-la-reciente-agresion-israeli01-110x75.jpeg","width":110,"height":75,"filesize":3271,"mime_type":"image\/jpeg","source_url":"https:\/\/archive.sana.sy\/es\/wp-content\/uploads\/2024\/06\/Dos-escuelas-en-el-sur-de-Siria-resultan-danadas-debido-a-la-reciente-agresion-israeli01-110x75.jpeg"},"tie-medium":{"file":"Dos-escuelas-en-el-sur-de-Siria-resultan-danadas-debido-a-la-reciente-agresion-israeli01-310x165.jpeg","width":310,"height":165,"filesize":12282,"mime_type":"image\/jpeg","source_url":"https:\/\/archive.sana.sy\/es\/wp-content\/uploads\/2024\/06\/Dos-escuelas-en-el-sur-de-Siria-resultan-danadas-debido-a-la-reciente-agresion-israeli01-310x165.jpeg"},"tie-large":{"file":"Dos-escuelas-en-el-sur-de-Siria-resultan-danadas-debido-a-la-reciente-agresion-israeli01-310x205.jpeg","width":310,"height":205,"filesize":14940,"mime_type":"image\/jpeg","source_url":"https:\/\/archive.sana.sy\/es\/wp-content\/uploads\/2024\/06\/Dos-escuelas-en-el-sur-de-Siria-resultan-danadas-debido-a-la-reciente-agresion-israeli01-310x205.jpeg"},"slider":{"file":"Dos-escuelas-en-el-sur-de-Siria-resultan-danadas-debido-a-la-reciente-agresion-israeli01-660x330.jpeg","width":660,"height":330,"filesize":42228,"mime_type":"image\/jpeg","source_url":"https:\/\/archive.sana.sy\/es\/wp-content\/uploads\/2024\/06\/Dos-escuelas-en-el-sur-de-Siria-resultan-danadas-debido-a-la-reciente-agresion-israeli01-660x330.jpeg"},"big-slider":{"file":"Dos-escuelas-en-el-sur-de-Siria-resultan-danadas-debido-a-la-reciente-agresion-israeli01-660x525.jpeg","width":660,"height":525,"filesize":61929,"mime_type":"image\/jpeg","source_url":"https:\/\/archive.sana.sy\/es\/wp-content\/uploads\/2024\/06\/Dos-escuelas-en-el-sur-de-Siria-resultan-danadas-debido-a-la-reciente-agresion-israeli01-660x525.jpeg"},"full":{"file":"Dos-escuelas-en-el-sur-de-Siria-resultan-danadas-debido-a-la-reciente-agresion-israeli01.jpeg","width":660,"height":793,"mime_type":"image\/jpeg","source_url":"https:\/\/archive.sana.sy\/es\/wp-content\/uploads\/2024\/06\/Dos-escuelas-en-el-sur-de-Siria-resultan-danadas-debido-a-la-reciente-agresion-israeli01.jpeg"}},"image_meta":{"aperture":"0","credit":"","camera":"","caption":"","created_timestamp":"0","copyright":"","focal_length":"0","iso":"0","shutter_speed":"0","title":"","orientation":"1","keywords":[]}},"post":332644,"source_url":"https:\/\/archive.sana.sy\/es\/wp-content\/uploads\/2024\/06\/Dos-escuelas-en-el-sur-de-Siria-resultan-danadas-debido-a-la-reciente-agresion-israeli01.jpeg","_links":{"self":[{"href":"https:\/\/archive.sana.sy\/es\/index.php?rest_route=\/wp\/v2\/media\/332650"}],"collection":[{"href":"https:\/\/archive.sana.sy\/es\/index.php?rest_route=\/wp\/v2\/media"}],"about":[{"href":"https:\/\/archive.sana.sy\/es\/index.php?rest_route=\/wp\/v2\/types\/attachment"}],"author":[{"embeddable":true,"href":"https:\/\/archive.sana.sy\/es\/index.php?rest_route=\/wp\/v2\/users\/39"}],"replies":[{"embeddable":true,"href":"https:\/\/archive.sana.sy\/es\/index.php?rest_route=%2Fwp%2Fv2%2Fcomments&post=332650"}]}}

Dos-escuelas-en-el-sur-de-Siria-resultan-dañadas-debido-a-la-reciente-agresión-israelí01
