{"id":343416,"date":"2024-11-22T18:09:11","date_gmt":"2024-11-22T15:09:11","guid":{"rendered":"http:\/\/sana.sy\/es\/wp-content\/uploads\/2024\/11\/Siria-abrio-sus-puertas-y-recibio-a-600-mil-desplazados-del-Libano00.jpeg"},"modified":"2024-11-22T18:09:11","modified_gmt":"2024-11-22T15:09:11","slug":"siria-abrio-sus-puertas-y-recibio-a-600-mil-desplazados-del-libano00","status":"inherit","type":"attachment","link":"https:\/\/archive.sana.sy\/es\/?attachment_id=343416","title":{"rendered":"Siria-abri\u00f3-sus-puertas-y-recibi\u00f3-a-600-mil-desplazados-del-L\u00edbano00"},"author":39,"featured_media":0,"comment_status":"closed","ping_status":"closed","template":"","meta":[],"class_list":["post-343416","attachment","type-attachment","status-inherit",""],"description":{"rendered":"<p class=\"attachment\"><a href='https:\/\/archive.sana.sy\/es\/wp-content\/uploads\/2024\/11\/Siria-abrio-sus-puertas-y-recibio-a-600-mil-desplazados-del-Libano00.jpeg'><img loading=\"lazy\" decoding=\"async\" width=\"300\" height=\"200\" src=\"https:\/\/archive.sana.sy\/es\/wp-content\/uploads\/2024\/11\/Siria-abrio-sus-puertas-y-recibio-a-600-mil-desplazados-del-Libano00-300x200.jpeg\" class=\"attachment-medium size-medium\" alt=\"\" srcset=\"https:\/\/archive.sana.sy\/es\/wp-content\/uploads\/2024\/11\/Siria-abrio-sus-puertas-y-recibio-a-600-mil-desplazados-del-Libano00-300x200.jpeg 300w, https:\/\/archive.sana.sy\/es\/wp-content\/uploads\/2024\/11\/Siria-abrio-sus-puertas-y-recibio-a-600-mil-desplazados-del-Libano00-1024x682.jpeg 1024w, https:\/\/archive.sana.sy\/es\/wp-content\/uploads\/2024\/11\/Siria-abrio-sus-puertas-y-recibio-a-600-mil-desplazados-del-Libano00-150x100.jpeg 150w, https:\/\/archive.sana.sy\/es\/wp-content\/uploads\/2024\/11\/Siria-abrio-sus-puertas-y-recibio-a-600-mil-desplazados-del-Libano00-768x512.jpeg 768w, https:\/\/archive.sana.sy\/es\/wp-content\/uploads\/2024\/11\/Siria-abrio-sus-puertas-y-recibio-a-600-mil-desplazados-del-Libano00.jpeg 1280w\" sizes=\"(max-width: 300px) 100vw, 300px\" \/><\/a><\/p>\n"},"caption":{"rendered":""},"alt_text":"","media_type":"image","mime_type":"image\/jpeg","media_details":{"width":1280,"height":853,"file":"2024\/11\/Siria-abrio-sus-puertas-y-recibio-a-600-mil-desplazados-del-Libano00.jpeg","filesize":190897,"sizes":{"medium":{"file":"Siria-abrio-sus-puertas-y-recibio-a-600-mil-desplazados-del-Libano00-300x200.jpeg","width":300,"height":200,"filesize":15883,"mime_type":"image\/jpeg","source_url":"https:\/\/archive.sana.sy\/es\/wp-content\/uploads\/2024\/11\/Siria-abrio-sus-puertas-y-recibio-a-600-mil-desplazados-del-Libano00-300x200.jpeg"},"large":{"file":"Siria-abrio-sus-puertas-y-recibio-a-600-mil-desplazados-del-Libano00-1024x682.jpeg","width":1024,"height":682,"filesize":116573,"mime_type":"image\/jpeg","source_url":"https:\/\/archive.sana.sy\/es\/wp-content\/uploads\/2024\/11\/Siria-abrio-sus-puertas-y-recibio-a-600-mil-desplazados-del-Libano00-1024x682.jpeg"},"thumbnail":{"file":"Siria-abrio-sus-puertas-y-recibio-a-600-mil-desplazados-del-Libano00-150x100.jpeg","width":150,"height":100,"filesize":5484,"mime_type":"image\/jpeg","source_url":"https:\/\/archive.sana.sy\/es\/wp-content\/uploads\/2024\/11\/Siria-abrio-sus-puertas-y-recibio-a-600-mil-desplazados-del-Libano00-150x100.jpeg"},"medium_large":{"file":"Siria-abrio-sus-puertas-y-recibio-a-600-mil-desplazados-del-Libano00-768x512.jpeg","width":768,"height":512,"filesize":73392,"mime_type":"image\/jpeg","source_url":"https:\/\/archive.sana.sy\/es\/wp-content\/uploads\/2024\/11\/Siria-abrio-sus-puertas-y-recibio-a-600-mil-desplazados-del-Libano00-768x512.jpeg"},"tie-small":{"file":"Siria-abrio-sus-puertas-y-recibio-a-600-mil-desplazados-del-Libano00-110x75.jpeg","width":110,"height":75,"filesize":3614,"mime_type":"image\/jpeg","source_url":"https:\/\/archive.sana.sy\/es\/wp-content\/uploads\/2024\/11\/Siria-abrio-sus-puertas-y-recibio-a-600-mil-desplazados-del-Libano00-110x75.jpeg"},"tie-medium":{"file":"Siria-abrio-sus-puertas-y-recibio-a-600-mil-desplazados-del-Libano00-310x165.jpeg","width":310,"height":165,"filesize":14169,"mime_type":"image\/jpeg","source_url":"https:\/\/archive.sana.sy\/es\/wp-content\/uploads\/2024\/11\/Siria-abrio-sus-puertas-y-recibio-a-600-mil-desplazados-del-Libano00-310x165.jpeg"},"tie-large":{"file":"Siria-abrio-sus-puertas-y-recibio-a-600-mil-desplazados-del-Libano00-310x205.jpeg","width":310,"height":205,"filesize":16760,"mime_type":"image\/jpeg","source_url":"https:\/\/archive.sana.sy\/es\/wp-content\/uploads\/2024\/11\/Siria-abrio-sus-puertas-y-recibio-a-600-mil-desplazados-del-Libano00-310x205.jpeg"},"slider":{"file":"Siria-abrio-sus-puertas-y-recibio-a-600-mil-desplazados-del-Libano00-660x330.jpeg","width":660,"height":330,"filesize":45242,"mime_type":"image\/jpeg","source_url":"https:\/\/archive.sana.sy\/es\/wp-content\/uploads\/2024\/11\/Siria-abrio-sus-puertas-y-recibio-a-600-mil-desplazados-del-Libano00-660x330.jpeg"},"big-slider":{"file":"Siria-abrio-sus-puertas-y-recibio-a-600-mil-desplazados-del-Libano00-1050x525.jpeg","width":1050,"height":525,"filesize":93386,"mime_type":"image\/jpeg","source_url":"https:\/\/archive.sana.sy\/es\/wp-content\/uploads\/2024\/11\/Siria-abrio-sus-puertas-y-recibio-a-600-mil-desplazados-del-Libano00-1050x525.jpeg"},"full":{"file":"Siria-abrio-sus-puertas-y-recibio-a-600-mil-desplazados-del-Libano00.jpeg","width":1280,"height":853,"mime_type":"image\/jpeg","source_url":"https:\/\/archive.sana.sy\/es\/wp-content\/uploads\/2024\/11\/Siria-abrio-sus-puertas-y-recibio-a-600-mil-desplazados-del-Libano00.jpeg"}},"image_meta":{"aperture":"0","credit":"","camera":"","caption":"","created_timestamp":"0","copyright":"","focal_length":"0","iso":"0","shutter_speed":"0","title":"","orientation":"0","keywords":[]}},"post":343411,"source_url":"https:\/\/archive.sana.sy\/es\/wp-content\/uploads\/2024\/11\/Siria-abrio-sus-puertas-y-recibio-a-600-mil-desplazados-del-Libano00.jpeg","_links":{"self":[{"href":"https:\/\/archive.sana.sy\/es\/index.php?rest_route=\/wp\/v2\/media\/343416"}],"collection":[{"href":"https:\/\/archive.sana.sy\/es\/index.php?rest_route=\/wp\/v2\/media"}],"about":[{"href":"https:\/\/archive.sana.sy\/es\/index.php?rest_route=\/wp\/v2\/types\/attachment"}],"author":[{"embeddable":true,"href":"https:\/\/archive.sana.sy\/es\/index.php?rest_route=\/wp\/v2\/users\/39"}],"replies":[{"embeddable":true,"href":"https:\/\/archive.sana.sy\/es\/index.php?rest_route=%2Fwp%2Fv2%2Fcomments&post=343416"}]}}

Siria-abrió-sus-puertas-y-recibió-a-600-mil-desplazados-del-Líbano00
