{"id":344604,"date":"2024-12-20T10:15:27","date_gmt":"2024-12-20T07:15:27","guid":{"rendered":"http:\/\/sana.sy\/es\/wp-content\/uploads\/2024\/12\/Ministro-sirio-de-Educacion-recibe-a-una-delegacion-del-Ministerio-de-Asuntos-Exteriores-aleman00.jpeg"},"modified":"2024-12-20T10:15:27","modified_gmt":"2024-12-20T07:15:27","slug":"ministro-sirio-de-educacion-recibe-a-una-delegacion-del-ministerio-de-asuntos-exteriores-aleman00","status":"inherit","type":"attachment","link":"https:\/\/archive.sana.sy\/es\/?attachment_id=344604","title":{"rendered":"Ministro-sirio-de-Educaci\u00f3n-recibe-a-una-delegaci\u00f3n-del-Ministerio-de-Asuntos-Exteriores-alem\u00e1n00"},"author":39,"featured_media":0,"comment_status":"closed","ping_status":"closed","template":"","meta":[],"class_list":["post-344604","attachment","type-attachment","status-inherit",""],"description":{"rendered":"<p class=\"attachment\"><a href='https:\/\/archive.sana.sy\/es\/wp-content\/uploads\/2024\/12\/Ministro-sirio-de-Educacion-recibe-a-una-delegacion-del-Ministerio-de-Asuntos-Exteriores-aleman00.jpeg'><img loading=\"lazy\" decoding=\"async\" width=\"300\" height=\"169\" src=\"https:\/\/archive.sana.sy\/es\/wp-content\/uploads\/2024\/12\/Ministro-sirio-de-Educacion-recibe-a-una-delegacion-del-Ministerio-de-Asuntos-Exteriores-aleman00-300x169.jpeg\" class=\"attachment-medium size-medium\" alt=\"\" srcset=\"https:\/\/archive.sana.sy\/es\/wp-content\/uploads\/2024\/12\/Ministro-sirio-de-Educacion-recibe-a-una-delegacion-del-Ministerio-de-Asuntos-Exteriores-aleman00-300x169.jpeg 300w, https:\/\/archive.sana.sy\/es\/wp-content\/uploads\/2024\/12\/Ministro-sirio-de-Educacion-recibe-a-una-delegacion-del-Ministerio-de-Asuntos-Exteriores-aleman00-150x85.jpeg 150w, https:\/\/archive.sana.sy\/es\/wp-content\/uploads\/2024\/12\/Ministro-sirio-de-Educacion-recibe-a-una-delegacion-del-Ministerio-de-Asuntos-Exteriores-aleman00.jpeg 660w\" sizes=\"(max-width: 300px) 100vw, 300px\" \/><\/a><\/p>\n"},"caption":{"rendered":""},"alt_text":"","media_type":"image","mime_type":"image\/jpeg","media_details":{"width":660,"height":372,"file":"2024\/12\/Ministro-sirio-de-Educacion-recibe-a-una-delegacion-del-Ministerio-de-Asuntos-Exteriores-aleman00.jpeg","filesize":198745,"sizes":{"medium":{"file":"Ministro-sirio-de-Educacion-recibe-a-una-delegacion-del-Ministerio-de-Asuntos-Exteriores-aleman00-300x169.jpeg","width":300,"height":169,"filesize":16612,"mime_type":"image\/jpeg","source_url":"https:\/\/archive.sana.sy\/es\/wp-content\/uploads\/2024\/12\/Ministro-sirio-de-Educacion-recibe-a-una-delegacion-del-Ministerio-de-Asuntos-Exteriores-aleman00-300x169.jpeg"},"thumbnail":{"file":"Ministro-sirio-de-Educacion-recibe-a-una-delegacion-del-Ministerio-de-Asuntos-Exteriores-aleman00-150x85.jpeg","width":150,"height":85,"filesize":5329,"mime_type":"image\/jpeg","source_url":"https:\/\/archive.sana.sy\/es\/wp-content\/uploads\/2024\/12\/Ministro-sirio-de-Educacion-recibe-a-una-delegacion-del-Ministerio-de-Asuntos-Exteriores-aleman00-150x85.jpeg"},"tie-small":{"file":"Ministro-sirio-de-Educacion-recibe-a-una-delegacion-del-Ministerio-de-Asuntos-Exteriores-aleman00-110x75.jpeg","width":110,"height":75,"filesize":3838,"mime_type":"image\/jpeg","source_url":"https:\/\/archive.sana.sy\/es\/wp-content\/uploads\/2024\/12\/Ministro-sirio-de-Educacion-recibe-a-una-delegacion-del-Ministerio-de-Asuntos-Exteriores-aleman00-110x75.jpeg"},"tie-medium":{"file":"Ministro-sirio-de-Educacion-recibe-a-una-delegacion-del-Ministerio-de-Asuntos-Exteriores-aleman00-310x165.jpeg","width":310,"height":165,"filesize":16545,"mime_type":"image\/jpeg","source_url":"https:\/\/archive.sana.sy\/es\/wp-content\/uploads\/2024\/12\/Ministro-sirio-de-Educacion-recibe-a-una-delegacion-del-Ministerio-de-Asuntos-Exteriores-aleman00-310x165.jpeg"},"tie-large":{"file":"Ministro-sirio-de-Educacion-recibe-a-una-delegacion-del-Ministerio-de-Asuntos-Exteriores-aleman00-310x205.jpeg","width":310,"height":205,"filesize":19574,"mime_type":"image\/jpeg","source_url":"https:\/\/archive.sana.sy\/es\/wp-content\/uploads\/2024\/12\/Ministro-sirio-de-Educacion-recibe-a-una-delegacion-del-Ministerio-de-Asuntos-Exteriores-aleman00-310x205.jpeg"},"slider":{"file":"Ministro-sirio-de-Educacion-recibe-a-una-delegacion-del-Ministerio-de-Asuntos-Exteriores-aleman00-660x330.jpeg","width":660,"height":330,"filesize":58847,"mime_type":"image\/jpeg","source_url":"https:\/\/archive.sana.sy\/es\/wp-content\/uploads\/2024\/12\/Ministro-sirio-de-Educacion-recibe-a-una-delegacion-del-Ministerio-de-Asuntos-Exteriores-aleman00-660x330.jpeg"},"full":{"file":"Ministro-sirio-de-Educacion-recibe-a-una-delegacion-del-Ministerio-de-Asuntos-Exteriores-aleman00.jpeg","width":660,"height":372,"mime_type":"image\/jpeg","source_url":"https:\/\/archive.sana.sy\/es\/wp-content\/uploads\/2024\/12\/Ministro-sirio-de-Educacion-recibe-a-una-delegacion-del-Ministerio-de-Asuntos-Exteriores-aleman00.jpeg"}},"image_meta":{"aperture":"0","credit":"","camera":"","caption":"","created_timestamp":"0","copyright":"","focal_length":"0","iso":"0","shutter_speed":"0","title":"","orientation":"0","keywords":[]}},"post":344602,"source_url":"https:\/\/archive.sana.sy\/es\/wp-content\/uploads\/2024\/12\/Ministro-sirio-de-Educacion-recibe-a-una-delegacion-del-Ministerio-de-Asuntos-Exteriores-aleman00.jpeg","_links":{"self":[{"href":"https:\/\/archive.sana.sy\/es\/index.php?rest_route=\/wp\/v2\/media\/344604"}],"collection":[{"href":"https:\/\/archive.sana.sy\/es\/index.php?rest_route=\/wp\/v2\/media"}],"about":[{"href":"https:\/\/archive.sana.sy\/es\/index.php?rest_route=\/wp\/v2\/types\/attachment"}],"author":[{"embeddable":true,"href":"https:\/\/archive.sana.sy\/es\/index.php?rest_route=\/wp\/v2\/users\/39"}],"replies":[{"embeddable":true,"href":"https:\/\/archive.sana.sy\/es\/index.php?rest_route=%2Fwp%2Fv2%2Fcomments&post=344604"}]}}

Ministro-sirio-de-Educación-recibe-a-una-delegación-del-Ministerio-de-Asuntos-Exteriores-alemán00
