{"id":344934,"date":"2025-01-03T10:03:27","date_gmt":"2025-01-03T07:03:27","guid":{"rendered":"http:\/\/sana.sy\/es\/wp-content\/uploads\/2025\/01\/Canciller-sirio-se-reune-con-su-homologo-saudi-en-Riad000.jpeg"},"modified":"2025-01-03T10:03:27","modified_gmt":"2025-01-03T07:03:27","slug":"canciller-sirio-se-reune-con-su-homologo-saudi-en-riad000","status":"inherit","type":"attachment","link":"https:\/\/archive.sana.sy\/es\/?attachment_id=344934","title":{"rendered":"Canciller-sirio-se-re\u00fane-con-su-hom\u00f3logo-saud\u00ed-en-Riad000"},"author":39,"featured_media":0,"comment_status":"closed","ping_status":"closed","template":"","meta":[],"class_list":["post-344934","attachment","type-attachment","status-inherit",""],"description":{"rendered":"<p class=\"attachment\"><a href='https:\/\/archive.sana.sy\/es\/wp-content\/uploads\/2025\/01\/Canciller-sirio-se-reune-con-su-homologo-saudi-en-Riad000.jpeg'><img loading=\"lazy\" decoding=\"async\" width=\"300\" height=\"168\" src=\"https:\/\/archive.sana.sy\/es\/wp-content\/uploads\/2025\/01\/Canciller-sirio-se-reune-con-su-homologo-saudi-en-Riad000-300x168.jpeg\" class=\"attachment-medium size-medium\" alt=\"\" srcset=\"https:\/\/archive.sana.sy\/es\/wp-content\/uploads\/2025\/01\/Canciller-sirio-se-reune-con-su-homologo-saudi-en-Riad000-300x168.jpeg 300w, https:\/\/archive.sana.sy\/es\/wp-content\/uploads\/2025\/01\/Canciller-sirio-se-reune-con-su-homologo-saudi-en-Riad000-150x84.jpeg 150w, https:\/\/archive.sana.sy\/es\/wp-content\/uploads\/2025\/01\/Canciller-sirio-se-reune-con-su-homologo-saudi-en-Riad000.jpeg 660w\" sizes=\"(max-width: 300px) 100vw, 300px\" \/><\/a><\/p>\n"},"caption":{"rendered":""},"alt_text":"","media_type":"image","mime_type":"image\/jpeg","media_details":{"width":660,"height":370,"file":"2025\/01\/Canciller-sirio-se-reune-con-su-homologo-saudi-en-Riad000.jpeg","filesize":168573,"sizes":{"medium":{"file":"Canciller-sirio-se-reune-con-su-homologo-saudi-en-Riad000-300x168.jpeg","width":300,"height":168,"filesize":13270,"mime_type":"image\/jpeg","source_url":"https:\/\/archive.sana.sy\/es\/wp-content\/uploads\/2025\/01\/Canciller-sirio-se-reune-con-su-homologo-saudi-en-Riad000-300x168.jpeg"},"thumbnail":{"file":"Canciller-sirio-se-reune-con-su-homologo-saudi-en-Riad000-150x84.jpeg","width":150,"height":84,"filesize":4552,"mime_type":"image\/jpeg","source_url":"https:\/\/archive.sana.sy\/es\/wp-content\/uploads\/2025\/01\/Canciller-sirio-se-reune-con-su-homologo-saudi-en-Riad000-150x84.jpeg"},"tie-small":{"file":"Canciller-sirio-se-reune-con-su-homologo-saudi-en-Riad000-110x75.jpeg","width":110,"height":75,"filesize":3171,"mime_type":"image\/jpeg","source_url":"https:\/\/archive.sana.sy\/es\/wp-content\/uploads\/2025\/01\/Canciller-sirio-se-reune-con-su-homologo-saudi-en-Riad000-110x75.jpeg"},"tie-medium":{"file":"Canciller-sirio-se-reune-con-su-homologo-saudi-en-Riad000-310x165.jpeg","width":310,"height":165,"filesize":13491,"mime_type":"image\/jpeg","source_url":"https:\/\/archive.sana.sy\/es\/wp-content\/uploads\/2025\/01\/Canciller-sirio-se-reune-con-su-homologo-saudi-en-Riad000-310x165.jpeg"},"tie-large":{"file":"Canciller-sirio-se-reune-con-su-homologo-saudi-en-Riad000-310x205.jpeg","width":310,"height":205,"filesize":15661,"mime_type":"image\/jpeg","source_url":"https:\/\/archive.sana.sy\/es\/wp-content\/uploads\/2025\/01\/Canciller-sirio-se-reune-con-su-homologo-saudi-en-Riad000-310x205.jpeg"},"slider":{"file":"Canciller-sirio-se-reune-con-su-homologo-saudi-en-Riad000-660x330.jpeg","width":660,"height":330,"filesize":47036,"mime_type":"image\/jpeg","source_url":"https:\/\/archive.sana.sy\/es\/wp-content\/uploads\/2025\/01\/Canciller-sirio-se-reune-con-su-homologo-saudi-en-Riad000-660x330.jpeg"},"full":{"file":"Canciller-sirio-se-reune-con-su-homologo-saudi-en-Riad000.jpeg","width":660,"height":370,"mime_type":"image\/jpeg","source_url":"https:\/\/archive.sana.sy\/es\/wp-content\/uploads\/2025\/01\/Canciller-sirio-se-reune-con-su-homologo-saudi-en-Riad000.jpeg"}},"image_meta":{"aperture":"0","credit":"","camera":"","caption":"","created_timestamp":"0","copyright":"","focal_length":"0","iso":"0","shutter_speed":"0","title":"","orientation":"0","keywords":[]}},"post":344929,"source_url":"https:\/\/archive.sana.sy\/es\/wp-content\/uploads\/2025\/01\/Canciller-sirio-se-reune-con-su-homologo-saudi-en-Riad000.jpeg","_links":{"self":[{"href":"https:\/\/archive.sana.sy\/es\/index.php?rest_route=\/wp\/v2\/media\/344934"}],"collection":[{"href":"https:\/\/archive.sana.sy\/es\/index.php?rest_route=\/wp\/v2\/media"}],"about":[{"href":"https:\/\/archive.sana.sy\/es\/index.php?rest_route=\/wp\/v2\/types\/attachment"}],"author":[{"embeddable":true,"href":"https:\/\/archive.sana.sy\/es\/index.php?rest_route=\/wp\/v2\/users\/39"}],"replies":[{"embeddable":true,"href":"https:\/\/archive.sana.sy\/es\/index.php?rest_route=%2Fwp%2Fv2%2Fcomments&post=344934"}]}}

Canciller-sirio-se-reúne-con-su-homólogo-saudí-en-Riad000
