{"id":345186,"date":"2025-01-09T15:07:19","date_gmt":"2025-01-09T12:07:19","guid":{"rendered":"http:\/\/sana.sy\/es\/wp-content\/uploads\/2025\/01\/Recorrido-de-una-delegacion-del-Ministerio-de-Economia-en-instalaciones-y-fabricas-de-la-provincia-central-de-Hama001.jpeg"},"modified":"2025-01-09T15:07:19","modified_gmt":"2025-01-09T12:07:19","slug":"recorrido-de-una-delegacion-del-ministerio-de-economia-en-instalaciones-y-fabricas-de-la-provincia-central-de-hama001","status":"inherit","type":"attachment","link":"https:\/\/archive.sana.sy\/es\/?attachment_id=345186","title":{"rendered":"Recorrido-de-una-delegaci\u00f3n-del-Ministerio-de-Econom\u00eda-en-instalaciones-y-f\u00e1bricas-de-la-provincia-central-de-Hama001"},"author":39,"featured_media":0,"comment_status":"closed","ping_status":"closed","template":"","meta":[],"class_list":["post-345186","attachment","type-attachment","status-inherit",""],"description":{"rendered":"<p class=\"attachment\"><a href='https:\/\/archive.sana.sy\/es\/wp-content\/uploads\/2025\/01\/Recorrido-de-una-delegacion-del-Ministerio-de-Economia-en-instalaciones-y-fabricas-de-la-provincia-central-de-Hama001.jpeg'><img loading=\"lazy\" decoding=\"async\" width=\"300\" height=\"200\" src=\"https:\/\/archive.sana.sy\/es\/wp-content\/uploads\/2025\/01\/Recorrido-de-una-delegacion-del-Ministerio-de-Economia-en-instalaciones-y-fabricas-de-la-provincia-central-de-Hama001-300x200.jpeg\" class=\"attachment-medium size-medium\" alt=\"\" srcset=\"https:\/\/archive.sana.sy\/es\/wp-content\/uploads\/2025\/01\/Recorrido-de-una-delegacion-del-Ministerio-de-Economia-en-instalaciones-y-fabricas-de-la-provincia-central-de-Hama001-300x200.jpeg 300w, https:\/\/archive.sana.sy\/es\/wp-content\/uploads\/2025\/01\/Recorrido-de-una-delegacion-del-Ministerio-de-Economia-en-instalaciones-y-fabricas-de-la-provincia-central-de-Hama001-150x100.jpeg 150w, https:\/\/archive.sana.sy\/es\/wp-content\/uploads\/2025\/01\/Recorrido-de-una-delegacion-del-Ministerio-de-Economia-en-instalaciones-y-fabricas-de-la-provincia-central-de-Hama001.jpeg 660w\" sizes=\"(max-width: 300px) 100vw, 300px\" \/><\/a><\/p>\n"},"caption":{"rendered":""},"alt_text":"","media_type":"image","mime_type":"image\/jpeg","media_details":{"width":660,"height":440,"file":"2025\/01\/Recorrido-de-una-delegacion-del-Ministerio-de-Economia-en-instalaciones-y-fabricas-de-la-provincia-central-de-Hama001.jpeg","filesize":273145,"sizes":{"medium":{"file":"Recorrido-de-una-delegacion-del-Ministerio-de-Economia-en-instalaciones-y-fabricas-de-la-provincia-central-de-Hama001-300x200.jpeg","width":300,"height":200,"filesize":36636,"mime_type":"image\/jpeg","source_url":"https:\/\/archive.sana.sy\/es\/wp-content\/uploads\/2025\/01\/Recorrido-de-una-delegacion-del-Ministerio-de-Economia-en-instalaciones-y-fabricas-de-la-provincia-central-de-Hama001-300x200.jpeg"},"thumbnail":{"file":"Recorrido-de-una-delegacion-del-Ministerio-de-Economia-en-instalaciones-y-fabricas-de-la-provincia-central-de-Hama001-150x100.jpeg","width":150,"height":100,"filesize":23234,"mime_type":"image\/jpeg","source_url":"https:\/\/archive.sana.sy\/es\/wp-content\/uploads\/2025\/01\/Recorrido-de-una-delegacion-del-Ministerio-de-Economia-en-instalaciones-y-fabricas-de-la-provincia-central-de-Hama001-150x100.jpeg"},"tie-small":{"file":"Recorrido-de-una-delegacion-del-Ministerio-de-Economia-en-instalaciones-y-fabricas-de-la-provincia-central-de-Hama001-110x75.jpeg","width":110,"height":75,"filesize":20913,"mime_type":"image\/jpeg","source_url":"https:\/\/archive.sana.sy\/es\/wp-content\/uploads\/2025\/01\/Recorrido-de-una-delegacion-del-Ministerio-de-Economia-en-instalaciones-y-fabricas-de-la-provincia-central-de-Hama001-110x75.jpeg"},"tie-medium":{"file":"Recorrido-de-una-delegacion-del-Ministerio-de-Economia-en-instalaciones-y-fabricas-de-la-provincia-central-de-Hama001-310x165.jpeg","width":310,"height":165,"filesize":34012,"mime_type":"image\/jpeg","source_url":"https:\/\/archive.sana.sy\/es\/wp-content\/uploads\/2025\/01\/Recorrido-de-una-delegacion-del-Ministerio-de-Economia-en-instalaciones-y-fabricas-de-la-provincia-central-de-Hama001-310x165.jpeg"},"tie-large":{"file":"Recorrido-de-una-delegacion-del-Ministerio-de-Economia-en-instalaciones-y-fabricas-de-la-provincia-central-de-Hama001-310x205.jpeg","width":310,"height":205,"filesize":37709,"mime_type":"image\/jpeg","source_url":"https:\/\/archive.sana.sy\/es\/wp-content\/uploads\/2025\/01\/Recorrido-de-una-delegacion-del-Ministerio-de-Economia-en-instalaciones-y-fabricas-de-la-provincia-central-de-Hama001-310x205.jpeg"},"slider":{"file":"Recorrido-de-una-delegacion-del-Ministerio-de-Economia-en-instalaciones-y-fabricas-de-la-provincia-central-de-Hama001-660x330.jpeg","width":660,"height":330,"filesize":78162,"mime_type":"image\/jpeg","source_url":"https:\/\/archive.sana.sy\/es\/wp-content\/uploads\/2025\/01\/Recorrido-de-una-delegacion-del-Ministerio-de-Economia-en-instalaciones-y-fabricas-de-la-provincia-central-de-Hama001-660x330.jpeg"},"full":{"file":"Recorrido-de-una-delegacion-del-Ministerio-de-Economia-en-instalaciones-y-fabricas-de-la-provincia-central-de-Hama001.jpeg","width":660,"height":440,"mime_type":"image\/jpeg","source_url":"https:\/\/archive.sana.sy\/es\/wp-content\/uploads\/2025\/01\/Recorrido-de-una-delegacion-del-Ministerio-de-Economia-en-instalaciones-y-fabricas-de-la-provincia-central-de-Hama001.jpeg"}},"image_meta":{"aperture":"0","credit":"","camera":"","caption":"","created_timestamp":"0","copyright":"","focal_length":"0","iso":"0","shutter_speed":"0","title":"","orientation":"1","keywords":[]}},"post":345180,"source_url":"https:\/\/archive.sana.sy\/es\/wp-content\/uploads\/2025\/01\/Recorrido-de-una-delegacion-del-Ministerio-de-Economia-en-instalaciones-y-fabricas-de-la-provincia-central-de-Hama001.jpeg","_links":{"self":[{"href":"https:\/\/archive.sana.sy\/es\/index.php?rest_route=\/wp\/v2\/media\/345186"}],"collection":[{"href":"https:\/\/archive.sana.sy\/es\/index.php?rest_route=\/wp\/v2\/media"}],"about":[{"href":"https:\/\/archive.sana.sy\/es\/index.php?rest_route=\/wp\/v2\/types\/attachment"}],"author":[{"embeddable":true,"href":"https:\/\/archive.sana.sy\/es\/index.php?rest_route=\/wp\/v2\/users\/39"}],"replies":[{"embeddable":true,"href":"https:\/\/archive.sana.sy\/es\/index.php?rest_route=%2Fwp%2Fv2%2Fcomments&post=345186"}]}}

Recorrido-de-una-delegación-del-Ministerio-de-Economía-en-instalaciones-y-fábricas-de-la-provincia-central-de-Hama001
