{"id":345239,"date":"2025-01-10T13:09:16","date_gmt":"2025-01-10T10:09:16","guid":{"rendered":"http:\/\/sana.sy\/es\/wp-content\/uploads\/2025\/01\/El-lider-Al-Sharaa-se-reune-con-una-delegacion-Italiana.jpg"},"modified":"2025-01-10T13:09:16","modified_gmt":"2025-01-10T10:09:16","slug":"el-lider-al-sharaa-se-reune-con-una-delegacion-italiana","status":"inherit","type":"attachment","link":"https:\/\/archive.sana.sy\/es\/?attachment_id=345239","title":{"rendered":"El l\u00edder Al-Sharaa se re\u00fane con una delegaci\u00f3n Italiana"},"author":39,"featured_media":0,"comment_status":"closed","ping_status":"closed","template":"","meta":[],"class_list":["post-345239","attachment","type-attachment","status-inherit",""],"description":{"rendered":"<p class=\"attachment\"><a href='https:\/\/archive.sana.sy\/es\/wp-content\/uploads\/2025\/01\/El-lider-Al-Sharaa-se-reune-con-una-delegacion-Italiana.jpg'><img loading=\"lazy\" decoding=\"async\" width=\"300\" height=\"168\" src=\"https:\/\/archive.sana.sy\/es\/wp-content\/uploads\/2025\/01\/El-lider-Al-Sharaa-se-reune-con-una-delegacion-Italiana-300x168.jpg\" class=\"attachment-medium size-medium\" alt=\"\" srcset=\"https:\/\/archive.sana.sy\/es\/wp-content\/uploads\/2025\/01\/El-lider-Al-Sharaa-se-reune-con-una-delegacion-Italiana-300x168.jpg 300w, https:\/\/archive.sana.sy\/es\/wp-content\/uploads\/2025\/01\/El-lider-Al-Sharaa-se-reune-con-una-delegacion-Italiana-1024x575.jpg 1024w, https:\/\/archive.sana.sy\/es\/wp-content\/uploads\/2025\/01\/El-lider-Al-Sharaa-se-reune-con-una-delegacion-Italiana-150x84.jpg 150w, https:\/\/archive.sana.sy\/es\/wp-content\/uploads\/2025\/01\/El-lider-Al-Sharaa-se-reune-con-una-delegacion-Italiana-768x431.jpg 768w, https:\/\/archive.sana.sy\/es\/wp-content\/uploads\/2025\/01\/El-lider-Al-Sharaa-se-reune-con-una-delegacion-Italiana-1536x862.jpg 1536w, https:\/\/archive.sana.sy\/es\/wp-content\/uploads\/2025\/01\/El-lider-Al-Sharaa-se-reune-con-una-delegacion-Italiana-2048x1150.jpg 2048w\" sizes=\"(max-width: 300px) 100vw, 300px\" \/><\/a><\/p>\n"},"caption":{"rendered":""},"alt_text":"","media_type":"image","mime_type":"image\/jpeg","media_details":{"width":2560,"height":1437,"file":"2025\/01\/El-lider-Al-Sharaa-se-reune-con-una-delegacion-Italiana.jpg","filesize":517221,"sizes":{"medium":{"file":"El-lider-Al-Sharaa-se-reune-con-una-delegacion-Italiana-300x168.jpg","width":300,"height":168,"filesize":10170,"mime_type":"image\/jpeg","source_url":"https:\/\/archive.sana.sy\/es\/wp-content\/uploads\/2025\/01\/El-lider-Al-Sharaa-se-reune-con-una-delegacion-Italiana-300x168.jpg"},"large":{"file":"El-lider-Al-Sharaa-se-reune-con-una-delegacion-Italiana-1024x575.jpg","width":1024,"height":575,"filesize":72897,"mime_type":"image\/jpeg","source_url":"https:\/\/archive.sana.sy\/es\/wp-content\/uploads\/2025\/01\/El-lider-Al-Sharaa-se-reune-con-una-delegacion-Italiana-1024x575.jpg"},"thumbnail":{"file":"El-lider-Al-Sharaa-se-reune-con-una-delegacion-Italiana-150x84.jpg","width":150,"height":84,"filesize":4028,"mime_type":"image\/jpeg","source_url":"https:\/\/archive.sana.sy\/es\/wp-content\/uploads\/2025\/01\/El-lider-Al-Sharaa-se-reune-con-una-delegacion-Italiana-150x84.jpg"},"medium_large":{"file":"El-lider-Al-Sharaa-se-reune-con-una-delegacion-Italiana-768x431.jpg","width":768,"height":431,"filesize":45381,"mime_type":"image\/jpeg","source_url":"https:\/\/archive.sana.sy\/es\/wp-content\/uploads\/2025\/01\/El-lider-Al-Sharaa-se-reune-con-una-delegacion-Italiana-768x431.jpg"},"1536x1536":{"file":"El-lider-Al-Sharaa-se-reune-con-una-delegacion-Italiana-1536x862.jpg","width":1536,"height":862,"filesize":145160,"mime_type":"image\/jpeg","source_url":"https:\/\/archive.sana.sy\/es\/wp-content\/uploads\/2025\/01\/El-lider-Al-Sharaa-se-reune-con-una-delegacion-Italiana-1536x862.jpg"},"2048x2048":{"file":"El-lider-Al-Sharaa-se-reune-con-una-delegacion-Italiana-2048x1150.jpg","width":2048,"height":1150,"filesize":243067,"mime_type":"image\/jpeg","source_url":"https:\/\/archive.sana.sy\/es\/wp-content\/uploads\/2025\/01\/El-lider-Al-Sharaa-se-reune-con-una-delegacion-Italiana-2048x1150.jpg"},"tie-small":{"file":"El-lider-Al-Sharaa-se-reune-con-una-delegacion-Italiana-110x75.jpg","width":110,"height":75,"filesize":2940,"mime_type":"image\/jpeg","source_url":"https:\/\/archive.sana.sy\/es\/wp-content\/uploads\/2025\/01\/El-lider-Al-Sharaa-se-reune-con-una-delegacion-Italiana-110x75.jpg"},"tie-medium":{"file":"El-lider-Al-Sharaa-se-reune-con-una-delegacion-Italiana-310x165.jpg","width":310,"height":165,"filesize":10521,"mime_type":"image\/jpeg","source_url":"https:\/\/archive.sana.sy\/es\/wp-content\/uploads\/2025\/01\/El-lider-Al-Sharaa-se-reune-con-una-delegacion-Italiana-310x165.jpg"},"tie-large":{"file":"El-lider-Al-Sharaa-se-reune-con-una-delegacion-Italiana-310x205.jpg","width":310,"height":205,"filesize":12062,"mime_type":"image\/jpeg","source_url":"https:\/\/archive.sana.sy\/es\/wp-content\/uploads\/2025\/01\/El-lider-Al-Sharaa-se-reune-con-una-delegacion-Italiana-310x205.jpg"},"slider":{"file":"El-lider-Al-Sharaa-se-reune-con-una-delegacion-Italiana-660x330.jpg","width":660,"height":330,"filesize":32168,"mime_type":"image\/jpeg","source_url":"https:\/\/archive.sana.sy\/es\/wp-content\/uploads\/2025\/01\/El-lider-Al-Sharaa-se-reune-con-una-delegacion-Italiana-660x330.jpg"},"big-slider":{"file":"El-lider-Al-Sharaa-se-reune-con-una-delegacion-Italiana-1050x525.jpg","width":1050,"height":525,"filesize":67949,"mime_type":"image\/jpeg","source_url":"https:\/\/archive.sana.sy\/es\/wp-content\/uploads\/2025\/01\/El-lider-Al-Sharaa-se-reune-con-una-delegacion-Italiana-1050x525.jpg"},"full":{"file":"El-lider-Al-Sharaa-se-reune-con-una-delegacion-Italiana.jpg","width":2560,"height":1437,"mime_type":"image\/jpeg","source_url":"https:\/\/archive.sana.sy\/es\/wp-content\/uploads\/2025\/01\/El-lider-Al-Sharaa-se-reune-con-una-delegacion-Italiana.jpg"}},"image_meta":{"aperture":"0","credit":"","camera":"","caption":"","created_timestamp":"0","copyright":"","focal_length":"0","iso":"0","shutter_speed":"0","title":"","orientation":"0","keywords":[]}},"post":345237,"source_url":"https:\/\/archive.sana.sy\/es\/wp-content\/uploads\/2025\/01\/El-lider-Al-Sharaa-se-reune-con-una-delegacion-Italiana.jpg","_links":{"self":[{"href":"https:\/\/archive.sana.sy\/es\/index.php?rest_route=\/wp\/v2\/media\/345239"}],"collection":[{"href":"https:\/\/archive.sana.sy\/es\/index.php?rest_route=\/wp\/v2\/media"}],"about":[{"href":"https:\/\/archive.sana.sy\/es\/index.php?rest_route=\/wp\/v2\/types\/attachment"}],"author":[{"embeddable":true,"href":"https:\/\/archive.sana.sy\/es\/index.php?rest_route=\/wp\/v2\/users\/39"}],"replies":[{"embeddable":true,"href":"https:\/\/archive.sana.sy\/es\/index.php?rest_route=%2Fwp%2Fv2%2Fcomments&post=345239"}]}}

El líder Al-Sharaa se reúne con una delegación Italiana
