{"id":345240,"date":"2025-01-10T13:09:22","date_gmt":"2025-01-10T10:09:22","guid":{"rendered":"http:\/\/sana.sy\/es\/wp-content\/uploads\/2025\/01\/El-lider-Al-Sharaa-se-reune-con-una-delegacion-de-la-Republica-Italiana1.jpg"},"modified":"2025-01-10T13:09:22","modified_gmt":"2025-01-10T10:09:22","slug":"el-lider-al-sharaa-se-reune-con-una-delegacion-de-la-republica-italiana1","status":"inherit","type":"attachment","link":"https:\/\/archive.sana.sy\/es\/?attachment_id=345240","title":{"rendered":"El l\u00edder Al-Sharaa se re\u00fane con una delegaci\u00f3n de la Rep\u00fablica Italiana1"},"author":39,"featured_media":0,"comment_status":"closed","ping_status":"closed","template":"","meta":[],"class_list":["post-345240","attachment","type-attachment","status-inherit",""],"description":{"rendered":"<p class=\"attachment\"><a href='https:\/\/archive.sana.sy\/es\/wp-content\/uploads\/2025\/01\/El-lider-Al-Sharaa-se-reune-con-una-delegacion-de-la-Republica-Italiana1.jpg'><img loading=\"lazy\" decoding=\"async\" width=\"300\" height=\"168\" src=\"https:\/\/archive.sana.sy\/es\/wp-content\/uploads\/2025\/01\/El-lider-Al-Sharaa-se-reune-con-una-delegacion-de-la-Republica-Italiana1-300x168.jpg\" class=\"attachment-medium size-medium\" alt=\"\" srcset=\"https:\/\/archive.sana.sy\/es\/wp-content\/uploads\/2025\/01\/El-lider-Al-Sharaa-se-reune-con-una-delegacion-de-la-Republica-Italiana1-300x168.jpg 300w, https:\/\/archive.sana.sy\/es\/wp-content\/uploads\/2025\/01\/El-lider-Al-Sharaa-se-reune-con-una-delegacion-de-la-Republica-Italiana1-1024x574.jpg 1024w, https:\/\/archive.sana.sy\/es\/wp-content\/uploads\/2025\/01\/El-lider-Al-Sharaa-se-reune-con-una-delegacion-de-la-Republica-Italiana1-150x84.jpg 150w, https:\/\/archive.sana.sy\/es\/wp-content\/uploads\/2025\/01\/El-lider-Al-Sharaa-se-reune-con-una-delegacion-de-la-Republica-Italiana1-768x431.jpg 768w, https:\/\/archive.sana.sy\/es\/wp-content\/uploads\/2025\/01\/El-lider-Al-Sharaa-se-reune-con-una-delegacion-de-la-Republica-Italiana1.jpg 1280w\" sizes=\"(max-width: 300px) 100vw, 300px\" \/><\/a><\/p>\n"},"caption":{"rendered":""},"alt_text":"","media_type":"image","mime_type":"image\/jpeg","media_details":{"width":1280,"height":718,"file":"2025\/01\/El-lider-Al-Sharaa-se-reune-con-una-delegacion-de-la-Republica-Italiana1.jpg","filesize":178339,"sizes":{"medium":{"file":"El-lider-Al-Sharaa-se-reune-con-una-delegacion-de-la-Republica-Italiana1-300x168.jpg","width":300,"height":168,"filesize":12512,"mime_type":"image\/jpeg","source_url":"https:\/\/archive.sana.sy\/es\/wp-content\/uploads\/2025\/01\/El-lider-Al-Sharaa-se-reune-con-una-delegacion-de-la-Republica-Italiana1-300x168.jpg"},"large":{"file":"El-lider-Al-Sharaa-se-reune-con-una-delegacion-de-la-Republica-Italiana1-1024x574.jpg","width":1024,"height":574,"filesize":101209,"mime_type":"image\/jpeg","source_url":"https:\/\/archive.sana.sy\/es\/wp-content\/uploads\/2025\/01\/El-lider-Al-Sharaa-se-reune-con-una-delegacion-de-la-Republica-Italiana1-1024x574.jpg"},"thumbnail":{"file":"El-lider-Al-Sharaa-se-reune-con-una-delegacion-de-la-Republica-Italiana1-150x84.jpg","width":150,"height":84,"filesize":4491,"mime_type":"image\/jpeg","source_url":"https:\/\/archive.sana.sy\/es\/wp-content\/uploads\/2025\/01\/El-lider-Al-Sharaa-se-reune-con-una-delegacion-de-la-Republica-Italiana1-150x84.jpg"},"medium_large":{"file":"El-lider-Al-Sharaa-se-reune-con-una-delegacion-de-la-Republica-Italiana1-768x431.jpg","width":768,"height":431,"filesize":62124,"mime_type":"image\/jpeg","source_url":"https:\/\/archive.sana.sy\/es\/wp-content\/uploads\/2025\/01\/El-lider-Al-Sharaa-se-reune-con-una-delegacion-de-la-Republica-Italiana1-768x431.jpg"},"tie-small":{"file":"El-lider-Al-Sharaa-se-reune-con-una-delegacion-de-la-Republica-Italiana1-110x75.jpg","width":110,"height":75,"filesize":3271,"mime_type":"image\/jpeg","source_url":"https:\/\/archive.sana.sy\/es\/wp-content\/uploads\/2025\/01\/El-lider-Al-Sharaa-se-reune-con-una-delegacion-de-la-Republica-Italiana1-110x75.jpg"},"tie-medium":{"file":"El-lider-Al-Sharaa-se-reune-con-una-delegacion-de-la-Republica-Italiana1-310x165.jpg","width":310,"height":165,"filesize":13064,"mime_type":"image\/jpeg","source_url":"https:\/\/archive.sana.sy\/es\/wp-content\/uploads\/2025\/01\/El-lider-Al-Sharaa-se-reune-con-una-delegacion-de-la-Republica-Italiana1-310x165.jpg"},"tie-large":{"file":"El-lider-Al-Sharaa-se-reune-con-una-delegacion-de-la-Republica-Italiana1-310x205.jpg","width":310,"height":205,"filesize":15124,"mime_type":"image\/jpeg","source_url":"https:\/\/archive.sana.sy\/es\/wp-content\/uploads\/2025\/01\/El-lider-Al-Sharaa-se-reune-con-una-delegacion-de-la-Republica-Italiana1-310x205.jpg"},"slider":{"file":"El-lider-Al-Sharaa-se-reune-con-una-delegacion-de-la-Republica-Italiana1-660x330.jpg","width":660,"height":330,"filesize":44839,"mime_type":"image\/jpeg","source_url":"https:\/\/archive.sana.sy\/es\/wp-content\/uploads\/2025\/01\/El-lider-Al-Sharaa-se-reune-con-una-delegacion-de-la-Republica-Italiana1-660x330.jpg"},"big-slider":{"file":"El-lider-Al-Sharaa-se-reune-con-una-delegacion-de-la-Republica-Italiana1-1050x525.jpg","width":1050,"height":525,"filesize":98577,"mime_type":"image\/jpeg","source_url":"https:\/\/archive.sana.sy\/es\/wp-content\/uploads\/2025\/01\/El-lider-Al-Sharaa-se-reune-con-una-delegacion-de-la-Republica-Italiana1-1050x525.jpg"},"full":{"file":"El-lider-Al-Sharaa-se-reune-con-una-delegacion-de-la-Republica-Italiana1.jpg","width":1280,"height":718,"mime_type":"image\/jpeg","source_url":"https:\/\/archive.sana.sy\/es\/wp-content\/uploads\/2025\/01\/El-lider-Al-Sharaa-se-reune-con-una-delegacion-de-la-Republica-Italiana1.jpg"}},"image_meta":{"aperture":"0","credit":"","camera":"","caption":"","created_timestamp":"0","copyright":"","focal_length":"0","iso":"0","shutter_speed":"0","title":"","orientation":"0","keywords":[]}},"post":345237,"source_url":"https:\/\/archive.sana.sy\/es\/wp-content\/uploads\/2025\/01\/El-lider-Al-Sharaa-se-reune-con-una-delegacion-de-la-Republica-Italiana1.jpg","_links":{"self":[{"href":"https:\/\/archive.sana.sy\/es\/index.php?rest_route=\/wp\/v2\/media\/345240"}],"collection":[{"href":"https:\/\/archive.sana.sy\/es\/index.php?rest_route=\/wp\/v2\/media"}],"about":[{"href":"https:\/\/archive.sana.sy\/es\/index.php?rest_route=\/wp\/v2\/types\/attachment"}],"author":[{"embeddable":true,"href":"https:\/\/archive.sana.sy\/es\/index.php?rest_route=\/wp\/v2\/users\/39"}],"replies":[{"embeddable":true,"href":"https:\/\/archive.sana.sy\/es\/index.php?rest_route=%2Fwp%2Fv2%2Fcomments&post=345240"}]}}

El líder Al-Sharaa se reúne con una delegación de la República Italiana1
